CRAN Package Check Results for Package tidycwl

Last updated on 2021-06-24 09:52:49 CEST.

Flavor Version Tinstall Tcheck Ttotal Status Flags
r-devel-linux-x86_64-debian-clang 1.0.5 5.28 56.91 62.19 NOTE
r-devel-linux-x86_64-debian-gcc 1.0.5 3.98 42.05 46.03 NOTE
r-devel-linux-x86_64-fedora-clang 1.0.5 82.05 NOTE
r-devel-linux-x86_64-fedora-gcc 1.0.5 70.89 NOTE
r-devel-windows-x86_64 1.0.5 9.00 81.00 90.00 NOTE
r-devel-windows-x86_64-gcc10-UCRT 1.0.5 NOTE
r-patched-linux-x86_64 1.0.5 5.34 54.14 59.48 NOTE
r-patched-solaris-x86 1.0.5 101.40 NOTE
r-release-linux-x86_64 1.0.5 4.61 52.69 57.30 NOTE
r-release-macos-arm64 1.0.5 NOTE
r-release-macos-x86_64 1.0.5 NOTE
r-release-windows-ix86+x86_64 1.0.5 9.00 70.00 79.00 NOTE
r-oldrel-macos-x86_64 1.0.5 OK

Check Details

Version: 1.0.5
Check: LazyData
Result: NOTE
     'LazyData' is specified without a 'data' directory
Flavors: r-devel-linux-x86_64-debian-clang, r-devel-linux-x86_64-debian-gcc, r-devel-linux-x86_64-fedora-clang, r-devel-linux-x86_64-fedora-gcc, r-devel-windows-x86_64, r-devel-windows-x86_64-gcc10-UCRT, r-patched-linux-x86_64, r-patched-solaris-x86, r-release-linux-x86_64, r-release-macos-arm64, r-release-macos-x86_64, r-release-windows-ix86+x86_64