CRAN Package Check Results for Package tidyboot

Last updated on 2021-04-15 09:50:18 CEST.

Flavor Version Tinstall Tcheck Ttotal Status Flags
r-devel-linux-x86_64-debian-clang 0.1.1 3.77 60.39 64.16 NOTE
r-devel-linux-x86_64-debian-gcc 0.1.1 3.06 46.91 49.97 NOTE
r-devel-linux-x86_64-fedora-clang 0.1.1 86.62 NOTE
r-devel-linux-x86_64-fedora-gcc 0.1.1 75.33 NOTE
r-devel-windows-ix86+x86_64 0.1.1 10.00 59.00 69.00 NOTE
r-devel-windows-x86_64-gcc10-UCRT 0.1.1 NOTE
r-patched-linux-x86_64 0.1.1 3.72 59.04 62.76 OK
r-patched-solaris-x86 0.1.1 109.10 OK
r-release-linux-x86_64 0.1.1 3.54 59.03 62.57 OK
r-release-macos-x86_64 0.1.1 OK
r-release-windows-ix86+x86_64 0.1.1 12.00 84.00 96.00 OK
r-oldrel-macos-x86_64 0.1.1 OK
r-oldrel-windows-ix86+x86_64 0.1.1 6.00 60.00 66.00 OK

Check Details

Version: 0.1.1
Check: LazyData
Result: NOTE
     'LazyData' is specified without a 'data' directory
Flavors: r-devel-linux-x86_64-debian-clang, r-devel-linux-x86_64-debian-gcc, r-devel-linux-x86_64-fedora-clang, r-devel-linux-x86_64-fedora-gcc, r-devel-windows-ix86+x86_64, r-devel-windows-x86_64-gcc10-UCRT