CRAN Package Check Results for Package tidyUSDA

Last updated on 2020-05-28 03:48:43 CEST.

Flavor Version Tinstall Tcheck Ttotal Status Flags
r-devel-linux-x86_64-debian-clang 0.2.7 3.11 36.42 39.53 OK
r-devel-linux-x86_64-debian-gcc 0.2.7 2.71 29.05 31.76 OK
r-devel-linux-x86_64-fedora-clang 0.2.7 50.84 NOTE
r-devel-linux-x86_64-fedora-gcc 0.2.7 55.91 NOTE
r-devel-windows-ix86+x86_64 0.2.7 13.00 78.00 91.00 OK
r-patched-linux-x86_64 0.2.7 2.85 36.29 39.14 OK
r-patched-solaris-x86 0.2.7 79.80 NOTE
r-release-linux-x86_64 0.2.7 3.33 36.51 39.84 OK
r-release-osx-x86_64 0.2.7 NOTE
r-release-windows-ix86+x86_64 0.2.7 22.00 84.00 106.00 OK
r-oldrel-osx-x86_64 0.2.7 NOTE
r-oldrel-windows-ix86+x86_64 0.2.7 7.00 62.00 69.00 OK

Check Details

Version: 0.2.7
Check: dependencies in R code
Result: NOTE
    Namespaces in Imports field not imported from:
     ‘curl’ ‘keyring’ ‘nlme’ ‘rgdal’ ‘stringi’ ‘usethis’
     All declared Imports should be used.
Flavors: r-devel-linux-x86_64-fedora-clang, r-devel-linux-x86_64-fedora-gcc, r-patched-solaris-x86, r-release-osx-x86_64, r-oldrel-osx-x86_64