CRAN Package Check Results for Package themis

Last updated on 2020-03-30 20:48:45 CEST.

Flavor Version Tinstall Tcheck Ttotal Status Flags
r-devel-linux-x86_64-debian-clang 0.1.0 13.70 130.78 144.48 OK
r-devel-linux-x86_64-debian-gcc 0.1.0 11.07 100.76 111.83 OK
r-devel-linux-x86_64-fedora-clang 0.1.0 194.43 NOTE
r-devel-linux-x86_64-fedora-gcc 0.1.0 166.07 NOTE
r-devel-windows-ix86+x86_64 0.1.0 37.00 132.00 169.00 OK
r-devel-windows-ix86+x86_64-gcc8 0.1.0 30.00 138.00 168.00 OK
r-patched-linux-x86_64 0.1.0 10.99 124.62 135.61 OK
r-patched-solaris-x86 0.1.0 259.30 NOTE
r-release-linux-x86_64 0.1.0 10.23 115.57 125.80 OK
r-release-windows-ix86+x86_64 0.1.0 45.00 199.00 244.00 OK
r-release-osx-x86_64 0.1.0 NOTE
r-oldrel-windows-ix86+x86_64 0.1.0 28.00 210.00 238.00 OK
r-oldrel-osx-x86_64 0.1.0 NOTE

Check Details

Version: 0.1.0
Check: dependencies in R code
Result: NOTE
    Namespace in Imports field not imported from: ‘tidyselect’
     All declared Imports should be used.
Flavors: r-devel-linux-x86_64-fedora-clang, r-devel-linux-x86_64-fedora-gcc, r-patched-solaris-x86, r-release-osx-x86_64, r-oldrel-osx-x86_64