CRAN Package Check Results for Package tgp

Last updated on 2021-04-15 09:50:18 CEST.

Flavor Version Tinstall Tcheck Ttotal Status Flags
r-devel-linux-x86_64-debian-clang 2.4-17 32.58 57.14 89.72 OK --no-vignettes
r-devel-linux-x86_64-debian-gcc 2.4-17 22.55 43.78 66.33 OK --no-vignettes
r-devel-linux-x86_64-fedora-clang 2.4-17 141.84 NOTE --no-vignettes
r-devel-linux-x86_64-fedora-gcc 2.4-17 108.10 OK --no-vignettes
r-devel-windows-ix86+x86_64 2.4-17 89.00 67.00 156.00 NOTE --no-examples --no-tests --no-vignettes
r-devel-windows-x86_64-gcc10-UCRT 2.4-17 FAIL
r-patched-linux-x86_64 2.4-17 24.93 54.49 79.42 OK --no-vignettes
r-patched-solaris-x86 2.4-17 132.90 OK --no-vignettes
r-release-linux-x86_64 2.4-17 25.48 54.85 80.33 OK --no-vignettes
r-release-macos-x86_64 2.4-17 OK --no-vignettes
r-release-windows-ix86+x86_64 2.4-17 85.00 14.00 99.00 ERROR --no-examples --no-tests --no-vignettes
r-oldrel-macos-x86_64 2.4-17 OK --no-vignettes
r-oldrel-windows-ix86+x86_64 2.4-17 74.00 53.00 127.00 NOTE --no-examples --no-tests --no-vignettes

Check Details

Version: 2.4-17
Flags: --no-vignettes
Check: Rd cross-references
Result: NOTE
    Undeclared package ‘akima’ in Rd xrefs
Flavor: r-devel-linux-x86_64-fedora-clang

Version: 2.4-17
Flags: --no-examples --no-tests --no-vignettes
Check: installed package size
Result: NOTE
     installed size is 5.4Mb
     sub-directories of 1Mb or more:
     doc 2.8Mb
     libs 2.2Mb
Flavors: r-devel-windows-ix86+x86_64, r-oldrel-windows-ix86+x86_64

Version: 2.4-17
Check: running R code from vignettes
Result: ERROR
    Errors in running code in vignettes:
    when running code in 'tgp2.Rnw'
     ...
    > rmse3
    [1] 1.825078
    
    > tgp.trees(fit3, "map")
    
    > graphics.off()
    
    > fit4 <- btgpllm(X = X, Z = Z, XX = XX, verb = 0)
    
    ... incomplete output. Crash?
    
     'tgp.Rnw'... OK
     'tgp2.Rnw'... failed to complete the test
Flavor: r-devel-windows-x86_64-gcc10-UCRT

Version: 2.4-17
Check: re-building of vignette outputs
Result: FAIL
Flavor: r-devel-windows-x86_64-gcc10-UCRT

Version: 2.4-17
Flags: --no-examples --no-tests --no-vignettes
Check: whether package can be installed
Result: ERROR
    Installation failed.
Flavor: r-release-windows-ix86+x86_64