CRAN Package Check Results for Package tfruns

Last updated on 2021-04-15 09:50:18 CEST.

Flavor Version Tinstall Tcheck Ttotal Status Flags
r-devel-linux-x86_64-debian-clang 1.5.0 4.50 41.63 46.13 NOTE
r-devel-linux-x86_64-debian-gcc 1.5.0 2.59 32.14 34.73 NOTE
r-devel-linux-x86_64-fedora-clang 1.5.0 67.58 NOTE
r-devel-linux-x86_64-fedora-gcc 1.5.0 58.12 NOTE
r-devel-windows-ix86+x86_64 1.5.0 8.00 70.00 78.00 NOTE
r-devel-windows-x86_64-gcc10-UCRT 1.5.0 NOTE
r-patched-linux-x86_64 1.5.0 3.85 39.67 43.52 OK
r-patched-solaris-x86 1.5.0 79.80 OK
r-release-linux-x86_64 1.5.0 3.49 40.13 43.62 OK
r-release-macos-x86_64 1.5.0 OK
r-release-windows-ix86+x86_64 1.5.0 13.00 84.00 97.00 OK
r-oldrel-macos-x86_64 1.5.0 OK
r-oldrel-windows-ix86+x86_64 1.5.0 6.00 69.00 75.00 OK

Check Details

Version: 1.5.0
Check: LazyData
Result: NOTE
     'LazyData' is specified without a 'data' directory
Flavors: r-devel-linux-x86_64-debian-clang, r-devel-linux-x86_64-debian-gcc, r-devel-linux-x86_64-fedora-clang, r-devel-linux-x86_64-fedora-gcc, r-devel-windows-ix86+x86_64, r-devel-windows-x86_64-gcc10-UCRT