CRAN Package Check Results for Package tfprobability

Last updated on 2021-06-24 09:52:49 CEST.

Flavor Version Tinstall Tcheck Ttotal Status Flags
r-devel-linux-x86_64-debian-clang 0.12.0.0 19.05 158.30 177.35 OK
r-devel-linux-x86_64-debian-gcc 0.12.0.0 14.11 122.28 136.39 OK
r-devel-linux-x86_64-fedora-clang 0.12.0.0 220.14 OK
r-devel-linux-x86_64-fedora-gcc 0.12.0.0 212.40 OK
r-devel-windows-x86_64 0.12.0.0 24.00 238.00 262.00 OK
r-devel-windows-x86_64-gcc10-UCRT 0.12.0.0 OK
r-patched-linux-x86_64 0.12.0.0 43.62 153.30 196.92 OK
r-patched-solaris-x86 0.12.0.0 256.80 OK
r-release-linux-x86_64 0.12.0.0 15.78 152.53 168.31 OK
r-release-macos-arm64 0.12.0.0 WARN
r-release-macos-x86_64 0.12.0.0 OK
r-release-windows-ix86+x86_64 0.12.0.0 23.00 218.00 241.00 OK
r-oldrel-macos-x86_64 0.12.0.0 OK

Check Details

Version: 0.12.0.0
Check: PDF version of manual
Result: WARN
    LaTeX errors when creating PDF version.
    This typically indicates Rd problems.
    LaTeX errors found:
Flavor: r-release-macos-arm64