CRAN Package Check Results for Package tfio

Last updated on 2021-06-16 09:53:41 CEST.

Flavor Version Tinstall Tcheck Ttotal Status Flags
r-devel-linux-x86_64-debian-clang 0.4.1 9.07 76.65 85.72 NOTE
r-devel-linux-x86_64-debian-gcc 0.4.1 6.37 58.41 64.78 NOTE
r-devel-linux-x86_64-fedora-clang 0.4.1 114.94 NOTE
r-devel-linux-x86_64-fedora-gcc 0.4.1 99.87 NOTE
r-devel-windows-x86_64 0.4.1 13.00 98.00 111.00 NOTE
r-devel-windows-x86_64-gcc10-UCRT 0.4.1 NOTE
r-patched-linux-x86_64 0.4.1 8.39 74.58 82.97 NOTE
r-patched-solaris-x86 0.4.1 144.40 NOTE
r-release-linux-x86_64 0.4.1 7.72 72.88 80.60 NOTE
r-release-macos-arm64 0.4.1 NOTE
r-release-macos-x86_64 0.4.1 NOTE
r-release-windows-ix86+x86_64 0.4.1 20.00 97.00 117.00 NOTE
r-oldrel-macos-x86_64 0.4.1 OK
r-oldrel-windows-ix86+x86_64 0.4.1 20.00 104.00 124.00 OK

Check Details

Version: 0.4.1
Check: LazyData
Result: NOTE
     'LazyData' is specified without a 'data' directory
Flavors: r-devel-linux-x86_64-debian-clang, r-devel-linux-x86_64-debian-gcc, r-devel-linux-x86_64-fedora-clang, r-devel-linux-x86_64-fedora-gcc, r-devel-windows-x86_64, r-devel-windows-x86_64-gcc10-UCRT, r-patched-linux-x86_64, r-patched-solaris-x86, r-release-linux-x86_64, r-release-macos-arm64, r-release-macos-x86_64, r-release-windows-ix86+x86_64