CRAN Package Check Results for Package textreuse

Last updated on 2021-04-15 09:50:18 CEST.

Flavor Version Tinstall Tcheck Ttotal Status Flags
r-devel-linux-x86_64-debian-clang 0.1.5 47.79 57.77 105.56 NOTE
r-devel-linux-x86_64-debian-gcc 0.1.5 26.85 44.74 71.59 NOTE
r-devel-linux-x86_64-fedora-clang 0.1.5 144.84 NOTE
r-devel-linux-x86_64-fedora-gcc 0.1.5 123.17 NOTE
r-devel-windows-ix86+x86_64 0.1.5 101.00 92.00 193.00 NOTE
r-devel-windows-x86_64-gcc10-UCRT 0.1.5 NOTE
r-patched-linux-x86_64 0.1.5 30.28 56.20 86.48 OK
r-patched-solaris-x86 0.1.5 148.90 OK
r-release-linux-x86_64 0.1.5 31.84 55.87 87.71 OK
r-release-macos-x86_64 0.1.5 OK
r-release-windows-ix86+x86_64 0.1.5 101.00 124.00 225.00 NOTE
r-oldrel-macos-x86_64 0.1.5 OK
r-oldrel-windows-ix86+x86_64 0.1.5 65.00 85.00 150.00 OK

Check Details

Version: 0.1.5
Check: LazyData
Result: NOTE
     'LazyData' is specified without a 'data' directory
Flavors: r-devel-linux-x86_64-debian-clang, r-devel-linux-x86_64-debian-gcc, r-devel-linux-x86_64-fedora-clang, r-devel-linux-x86_64-fedora-gcc, r-devel-windows-ix86+x86_64, r-devel-windows-x86_64-gcc10-UCRT

Version: 0.1.5
Check: Rd cross-references
Result: NOTE
    Undeclared package ‘tm’ in Rd xrefs
Flavor: r-devel-linux-x86_64-fedora-clang

Version: 0.1.5
Check: installed package size
Result: NOTE
     installed size is 5.3Mb
     sub-directories of 1Mb or more:
     extdata 2.9Mb
     libs 2.1Mb
Flavors: r-devel-windows-ix86+x86_64, r-release-windows-ix86+x86_64