CRAN Package Check Results for Package textmineR

Last updated on 2020-02-27 17:51:11 CET.

Flavor Version Tinstall Tcheck Ttotal Status Flags
r-devel-linux-x86_64-debian-clang 3.0.4 108.95 108.03 216.98 OK --no-vignettes
r-devel-linux-x86_64-debian-gcc 3.0.4 66.91 79.54 146.45 OK --no-vignettes
r-devel-linux-x86_64-fedora-clang 3.0.4 492.37 NOTE
r-devel-linux-x86_64-fedora-gcc 3.0.4 562.60 OK
r-devel-windows-ix86+x86_64 3.0.4 183.00 578.00 761.00 OK
r-devel-windows-ix86+x86_64-gcc8 3.0.4 211.00 588.00 799.00 OK
r-patched-linux-x86_64 3.0.4 81.93 97.75 179.68 OK --no-vignettes
r-patched-solaris-x86 3.0.4 703.20 OK
r-release-linux-x86_64 3.0.4 78.72 97.12 175.84 OK --no-vignettes
r-release-windows-ix86+x86_64 3.0.4 179.00 571.00 750.00 OK
r-release-osx-x86_64 3.0.4 NOTE
r-oldrel-windows-ix86+x86_64 3.0.4 178.00 534.00 712.00 OK
r-oldrel-osx-x86_64 3.0.4 OK

Check Details

Version: 3.0.4
Check: installed package size
Result: NOTE
     installed size is 5.4Mb
     sub-directories of 1Mb or more:
     libs 3.7Mb
Flavors: r-devel-linux-x86_64-fedora-clang, r-release-osx-x86_64