CRAN Package Check Results for Package text2vec

Last updated on 2020-03-30 20:48:45 CEST.

Flavor Version Tinstall Tcheck Ttotal Status Flags
r-devel-linux-x86_64-debian-clang 0.6 66.39 298.38 364.77 OK
r-devel-linux-x86_64-debian-gcc 0.6 52.17 235.48 287.65 OK
r-devel-linux-x86_64-fedora-clang 0.6 476.64 NOTE
r-devel-linux-x86_64-fedora-gcc 0.6 410.72 OK
r-devel-windows-ix86+x86_64 0.6 114.00 489.00 603.00 NOTE
r-devel-windows-ix86+x86_64-gcc8 0.6 117.00 492.00 609.00 NOTE
r-patched-linux-x86_64 0.6 58.37 271.83 330.20 OK
r-patched-solaris-x86 0.6 958.40 NOTE
r-release-linux-x86_64 0.6 55.73 263.37 319.10 OK
r-release-windows-ix86+x86_64 0.6 166.00 610.00 776.00 NOTE
r-release-osx-x86_64 0.6 NOTE
r-oldrel-windows-ix86+x86_64 0.5.1 188.00 241.00 429.00 NOTE
r-oldrel-osx-x86_64 0.6 ERROR

Check Details

Version: 0.6
Check: installed package size
Result: NOTE
     installed size is 11.3Mb
     sub-directories of 1Mb or more:
     data 2.7Mb
     doc 2.9Mb
     libs 5.2Mb
Flavors: r-devel-linux-x86_64-fedora-clang, r-devel-windows-ix86+x86_64, r-devel-windows-ix86+x86_64-gcc8, r-patched-solaris-x86, r-release-windows-ix86+x86_64, r-release-osx-x86_64

Version: 0.5.1
Check: installed package size
Result: NOTE
     installed size is 9.0Mb
     sub-directories of 1Mb or more:
     data 2.6Mb
     doc 3.6Mb
     libs 2.1Mb
Flavor: r-oldrel-windows-ix86+x86_64

Version: 0.5.1
Check: for GNU extensions in Makefiles
Result: NOTE
    GNU make is a SystemRequirements.
Flavor: r-oldrel-windows-ix86+x86_64

Version: 0.6
Check: package dependencies
Result: ERROR
    Package required and available but unsuitable version: ‘rsparse’
    
    See section ‘The DESCRIPTION file’ in the ‘Writing R Extensions’
    manual.
Flavor: r-oldrel-osx-x86_64