CRAN Package Check Results for Package texPreview

Last updated on 2021-06-22 09:51:56 CEST.

Flavor Version Tinstall Tcheck Ttotal Status Flags
r-devel-linux-x86_64-debian-clang 1.5 5.59 112.68 118.27 OK
r-devel-linux-x86_64-debian-gcc 1.5 4.96 79.39 84.35 OK
r-devel-linux-x86_64-fedora-clang 1.5 147.97 OK
r-devel-linux-x86_64-fedora-gcc 1.5 122.77 OK
r-devel-windows-x86_64 1.5 9.00 144.00 153.00 OK
r-devel-windows-x86_64-gcc10-UCRT 1.5 ERROR
r-patched-linux-x86_64 1.5 6.09 98.97 105.06 OK
r-patched-solaris-x86 1.5 195.50 OK
r-release-linux-x86_64 1.5 5.45 97.30 102.75 OK
r-release-macos-arm64 1.5 OK
r-release-macos-x86_64 1.5 OK
r-release-windows-ix86+x86_64 1.5 14.00 145.00 159.00 OK
r-oldrel-macos-x86_64 1.5 OK

Check Details

Version: 1.5
Check: package dependencies
Result: ERROR
    Packages required but not available: 'details', 'magick'
    
    Packages suggested but not available for checking:
     'covr', 'kableExtra', 'pdftools', 'texreg'
    
    See section 'The DESCRIPTION file' in the 'Writing R Extensions'
    manual.
Flavor: r-devel-windows-x86_64-gcc10-UCRT