CRAN Package Check Results for Package tensr

Last updated on 2021-06-15 09:53:05 CEST.

Flavor Version Tinstall Tcheck Ttotal Status Flags
r-devel-linux-x86_64-debian-clang 1.0.1 3.53 215.00 218.53 NOTE
r-devel-linux-x86_64-debian-gcc 1.0.1 2.92 152.91 155.83 NOTE
r-devel-linux-x86_64-fedora-clang 1.0.1 256.38 NOTE
r-devel-linux-x86_64-fedora-gcc 1.0.1 253.46 NOTE
r-devel-windows-x86_64 1.0.1 6.00 255.00 261.00 NOTE
r-devel-windows-x86_64-gcc10-UCRT 1.0.1 NOTE
r-patched-linux-x86_64 1.0.1 4.24 201.67 205.91 NOTE
r-patched-solaris-x86 1.0.1 382.90 NOTE
r-release-linux-x86_64 1.0.1 3.35 200.45 203.80 NOTE
r-release-macos-arm64 1.0.1 NOTE
r-release-macos-x86_64 1.0.1 NOTE
r-release-windows-ix86+x86_64 1.0.1 8.00 258.00 266.00 NOTE
r-oldrel-macos-x86_64 1.0.1 OK
r-oldrel-windows-ix86+x86_64 1.0.1 7.00 266.00 273.00 OK

Check Details

Version: 1.0.1
Check: LazyData
Result: NOTE
     'LazyData' is specified without a 'data' directory
Flavors: r-devel-linux-x86_64-debian-clang, r-devel-linux-x86_64-debian-gcc, r-devel-linux-x86_64-fedora-clang, r-devel-linux-x86_64-fedora-gcc, r-devel-windows-x86_64, r-devel-windows-x86_64-gcc10-UCRT, r-patched-linux-x86_64, r-patched-solaris-x86, r-release-linux-x86_64, r-release-macos-arm64, r-release-macos-x86_64, r-release-windows-ix86+x86_64