CRAN Package Check Results for Package tealeaves

Last updated on 2020-03-30 20:48:45 CEST.

Flavor Version Tinstall Tcheck Ttotal Status Flags
r-devel-linux-x86_64-debian-clang 1.0.0 4.35 61.11 65.46 OK
r-devel-linux-x86_64-debian-gcc 1.0.0 4.13 46.84 50.97 OK
r-devel-linux-x86_64-fedora-clang 1.0.0 88.08 NOTE
r-devel-linux-x86_64-fedora-gcc 1.0.0 77.31 NOTE
r-devel-windows-ix86+x86_64 1.0.0 9.00 72.00 81.00 WARN
r-devel-windows-ix86+x86_64-gcc8 1.0.0 12.00 79.00 91.00 OK
r-patched-linux-x86_64 1.0.0 4.04 58.49 62.53 OK
r-patched-solaris-x86 1.0.0 116.90 NOTE
r-release-linux-x86_64 1.0.0 3.28 54.56 57.84 OK
r-release-windows-ix86+x86_64 1.0.0 16.00 105.00 121.00 OK
r-release-osx-x86_64 1.0.0 NOTE
r-oldrel-windows-ix86+x86_64 1.0.0 10.00 101.00 111.00 OK
r-oldrel-osx-x86_64 1.0.0 NOTE

Check Details

Version: 1.0.0
Check: dependencies in R code
Result: NOTE
    Namespaces in Imports field not imported from:
     ‘ggplot2’ ‘tidyr’
     All declared Imports should be used.
Flavors: r-devel-linux-x86_64-fedora-clang, r-devel-linux-x86_64-fedora-gcc, r-patched-solaris-x86, r-release-osx-x86_64, r-oldrel-osx-x86_64

Version: 1.0.0
Check: re-building of vignette outputs
Result: WARN
    Error(s) in re-building vignettes:
    --- re-building 'tealeaves-intermediate.Rmd' using rmarkdown
    --- finished re-building 'tealeaves-intermediate.Rmd'
    
    Warning in file(con, "r") :
     cannot open file 'D:\temp\RtmpsvCylr\file25da86aa78f4': Permission denied
    Error in file(con, "r") : cannot open the connection
    Calls: <Anonymous> -> readLines -> file
    Execution halted
Flavor: r-devel-windows-ix86+x86_64