CRAN Package Check Results for Package tbrf

Last updated on 2020-03-30 20:48:45 CEST.

Flavor Version Tinstall Tcheck Ttotal Status Flags
r-devel-linux-x86_64-debian-clang 0.1.4 5.54 173.68 179.22 OK
r-devel-linux-x86_64-debian-gcc 0.1.4 5.12 128.25 133.37 OK
r-devel-linux-x86_64-fedora-clang 0.1.4 103.06 WARN
r-devel-linux-x86_64-fedora-gcc 0.1.4 105.89 WARN
r-devel-windows-ix86+x86_64 0.1.3 19.00 148.00 167.00 OK
r-devel-windows-ix86+x86_64-gcc8 0.1.4 16.00 182.00 198.00 OK
r-patched-linux-x86_64 0.1.4 5.52 162.76 168.28 OK
r-patched-solaris-x86 0.1.4 152.90 WARN
r-release-linux-x86_64 0.1.4 4.90 148.69 153.59 OK
r-release-windows-ix86+x86_64 0.1.4 11.00 160.00 171.00 OK
r-release-osx-x86_64 0.1.4 OK
r-oldrel-windows-ix86+x86_64 0.1.3 13.00 263.00 276.00 OK
r-oldrel-osx-x86_64 0.1.3 OK

Check Details

Version: 0.1.4
Check: re-building of vignette outputs
Result: WARN
    Error(s) in re-building vignettes:
    --- re-building ‘intro_to_tbrf.Rmd’ using rmarkdown
    Quitting from lines 123-138 (intro_to_tbrf.Rmd)
    Error: processing vignette 'intro_to_tbrf.Rmd' failed with diagnostics:
    Assigned data `as.numeric(results[1:length(results)])` must be compatible with existing data.
    ✖ Existing data has 1 row.
    ✖ Assigned data has 3 rows.
    ℹ Only vectors of size 1 are recycled.
    --- failed re-building ‘intro_to_tbrf.Rmd’
    
    SUMMARY: processing the following file failed:
     ‘intro_to_tbrf.Rmd’
    
    Error: Vignette re-building failed.
    Execution halted
Flavors: r-devel-linux-x86_64-fedora-clang, r-devel-linux-x86_64-fedora-gcc

Version: 0.1.4
Check: re-building of vignette outputs
Result: WARN
    Error(s) in re-building vignettes:
     ...
    --- re-building ‘intro_to_tbrf.Rmd’ using rmarkdown
    Warning in engine$weave(file, quiet = quiet, encoding = enc) :
     Pandoc (>= 1.12.3) and/or pandoc-citeproc not available. Falling back to R Markdown v1.
    Quitting from lines 123-138 (intro_to_tbrf.Rmd)
    Error: processing vignette 'intro_to_tbrf.Rmd' failed with diagnostics:
    Assigned data `as.numeric(results[1:length(results)])` must be compatible with existing data.
    ✖ Existing data has 1 row.
    ✖ Assigned data has 3 rows.
    ℹ Only vectors of size 1 are recycled.
    --- failed re-building ‘intro_to_tbrf.Rmd’
    
    SUMMARY: processing the following file failed:
     ‘intro_to_tbrf.Rmd’
    
    Error: Vignette re-building failed.
    Execution halted
Flavor: r-patched-solaris-x86