CRAN Package Check Results for Package tbl2xts

Last updated on 2020-02-28 22:53:49 CET.

Flavor Version Tinstall Tcheck Ttotal Status Flags
r-devel-linux-x86_64-debian-clang 0.1.3 4.32 36.61 40.93 OK
r-devel-linux-x86_64-debian-gcc 0.1.3 3.47 29.23 32.70 OK
r-devel-linux-x86_64-fedora-clang 0.1.3 53.10 NOTE
r-devel-linux-x86_64-fedora-gcc 0.1.3 48.10 NOTE
r-devel-windows-ix86+x86_64 0.1.3 18.00 52.00 70.00 OK
r-devel-windows-ix86+x86_64-gcc8 0.1.3 12.00 56.00 68.00 OK
r-patched-linux-x86_64 0.1.3 4.01 32.39 36.40 OK
r-patched-solaris-x86 0.1.3 68.70 NOTE
r-release-linux-x86_64 0.1.3 3.58 33.20 36.78 OK
r-release-windows-ix86+x86_64 0.1.3 10.00 72.00 82.00 OK
r-release-osx-x86_64 0.1.3 NOTE
r-oldrel-windows-ix86+x86_64 0.1.3 5.00 63.00 68.00 OK
r-oldrel-osx-x86_64 0.1.3 NOTE

Check Details

Version: 0.1.3
Check: dependencies in R code
Result: NOTE
    Namespace in Imports field not imported from: ‘PerformanceAnalytics’
     All declared Imports should be used.
Flavors: r-devel-linux-x86_64-fedora-clang, r-devel-linux-x86_64-fedora-gcc, r-patched-solaris-x86, r-release-osx-x86_64, r-oldrel-osx-x86_64