CRAN Package Check Results for Package tbart

Last updated on 2021-06-22 09:51:56 CEST.

Flavor Version Tinstall Tcheck Ttotal Status Flags
r-devel-linux-x86_64-debian-clang 1.0 21.98 39.83 61.81 OK
r-devel-linux-x86_64-debian-gcc 1.0 14.78 30.61 45.39 OK
r-devel-linux-x86_64-fedora-clang 1.0 88.06 NOTE
r-devel-linux-x86_64-fedora-gcc 1.0 74.48 NOTE
r-devel-windows-x86_64 1.0 30.00 66.00 96.00 OK
r-devel-windows-x86_64-gcc10-UCRT 1.0 OK
r-patched-linux-x86_64 1.0 16.86 38.33 55.19 OK
r-patched-solaris-x86 1.0 92.60 OK
r-release-linux-x86_64 1.0 18.36 38.32 56.68 OK
r-release-macos-arm64 1.0 OK
r-release-macos-x86_64 1.0 OK
r-release-windows-ix86+x86_64 1.0 55.00 77.00 132.00 OK
r-oldrel-macos-x86_64 1.0 OK

Check Details

Version: 1.0
Check: compiled code
Result: NOTE
    File ‘tbart/libs/tbart.so’:
     Found no calls to: ‘R_registerRoutines’, ‘R_useDynamicSymbols’
    
    It is good practice to register native routines and to disable symbol
    search.
    
    See ‘Writing portable packages’ in the ‘Writing R Extensions’ manual.
Flavors: r-devel-linux-x86_64-fedora-clang, r-devel-linux-x86_64-fedora-gcc