CRAN Package Check Results for Package tangles

Last updated on 2020-05-29 17:49:20 CEST.

Flavor Version Tinstall Tcheck Ttotal Status Flags
r-devel-linux-x86_64-debian-clang 0.8.1 6.69 84.76 91.45 OK
r-devel-linux-x86_64-debian-gcc 0.8.1 6.99 65.76 72.75 OK
r-devel-linux-x86_64-fedora-clang 0.8.1 66.03 OK
r-devel-linux-x86_64-fedora-gcc 0.8.1 111.58 OK
r-devel-windows-ix86+x86_64 0.8.1 22.00 113.00 135.00 OK
r-patched-linux-x86_64 0.8.1 8.51 80.63 89.14 WARN
r-patched-solaris-x86 0.8.1 165.60 OK
r-release-linux-x86_64 0.8.1 9.82 83.67 93.49 OK
r-release-osx-x86_64 0.8.1 OK
r-release-windows-ix86+x86_64 0.8.1 18.00 196.00 214.00 OK
r-oldrel-osx-x86_64 0.8.1 OK
r-oldrel-windows-ix86+x86_64 0.8.1 18.00 90.00 108.00 OK

Check Details

Version: 0.8.1
Check: re-building of vignette outputs
Result: WARN
    Error(s) in re-building vignettes:
     ...
    --- re-building ‘deidentification.Rmd’ using rmarkdown
    Loading required package: sp
    Warning in `dim<-`(`*tmp*`, value = c(nr, nc)) :
     NAs introduced by coercion to integer range
    Quitting from lines 146-152 (deidentification.Rmd)
    Error: processing vignette 'deidentification.Rmd' failed with diagnostics:
    missing value where TRUE/FALSE needed
    --- failed re-building ‘deidentification.Rmd’
    
    SUMMARY: processing the following file failed:
     ‘deidentification.Rmd’
    
    Error: Vignette re-building failed.
    Execution halted
Flavor: r-patched-linux-x86_64