CRAN Package Check Results for Package tailr

Last updated on 2020-03-30 20:48:45 CEST.

Flavor Version Tinstall Tcheck Ttotal Status Flags
r-devel-linux-x86_64-debian-clang 0.1.3 1.88 21.00 22.88 NOTE
r-devel-linux-x86_64-debian-gcc 0.1.3 1.79 16.98 18.77 NOTE
r-devel-linux-x86_64-fedora-clang 0.1.3 33.08 NOTE
r-devel-linux-x86_64-fedora-gcc 0.1.3 28.02 NOTE
r-devel-windows-ix86+x86_64 0.1.3 5.00 31.00 36.00 OK
r-devel-windows-ix86+x86_64-gcc8 0.1.3 5.00 38.00 43.00 NOTE
r-patched-linux-x86_64 0.1.3 2.05 21.03 23.08 NOTE
r-patched-solaris-x86 0.1.3 45.40 NOTE
r-release-linux-x86_64 0.1.3 1.56 19.74 21.30 NOTE
r-release-windows-ix86+x86_64 0.1.3 15.00 48.00 63.00 OK
r-release-osx-x86_64 0.1.3 NOTE
r-oldrel-windows-ix86+x86_64 0.1.3 3.00 44.00 47.00 OK
r-oldrel-osx-x86_64 0.1.3 OK

Check Details

Version: 0.1.3
Check: package dependencies
Result: NOTE
    Package suggested but not available for checking: 'pmatch'
Flavors: r-devel-linux-x86_64-debian-clang, r-devel-linux-x86_64-debian-gcc, r-devel-linux-x86_64-fedora-clang, r-devel-linux-x86_64-fedora-gcc, r-devel-windows-ix86+x86_64-gcc8, r-patched-linux-x86_64, r-patched-solaris-x86, r-release-linux-x86_64, r-release-osx-x86_64