CRAN Package Check Results for Package tableschema.r

Last updated on 2021-06-24 09:52:49 CEST.

Flavor Version Tinstall Tcheck Ttotal Status Flags
r-devel-linux-x86_64-debian-clang 1.1.1 13.10 71.59 84.69 NOTE
r-devel-linux-x86_64-debian-gcc 1.1.1 12.00 52.23 64.23 NOTE
r-devel-linux-x86_64-fedora-gcc 1.1.1 101.15 NOTE
r-devel-windows-x86_64 1.1.1 20.00 152.00 172.00 NOTE
r-devel-windows-x86_64-gcc10-UCRT 1.1.1 ERROR
r-patched-linux-x86_64 1.1.1 15.98 68.37 84.35 NOTE
r-patched-solaris-x86 1.1.1 130.90 NOTE
r-release-linux-x86_64 1.1.1 11.87 68.30 80.17 NOTE
r-release-macos-arm64 1.1.1 NOTE
r-release-macos-x86_64 1.1.1 NOTE
r-release-windows-ix86+x86_64 1.1.1 16.00 126.00 142.00 NOTE
r-oldrel-macos-x86_64 1.1.1 NOTE

Check Details

Version: 1.1.1
Check: LazyData
Result: NOTE
     'LazyData' is specified without a 'data' directory
Flavors: r-devel-linux-x86_64-debian-clang, r-devel-linux-x86_64-debian-gcc, r-devel-linux-x86_64-fedora-gcc, r-devel-windows-x86_64, r-patched-linux-x86_64, r-patched-solaris-x86, r-release-linux-x86_64, r-release-macos-arm64, r-release-macos-x86_64, r-release-windows-ix86+x86_64

Version: 1.1.1
Check: dependencies in R code
Result: NOTE
    Namespace in Imports field not imported from: ‘iterators’
     All declared Imports should be used.
Flavors: r-devel-linux-x86_64-fedora-gcc, r-patched-solaris-x86, r-release-macos-arm64, r-release-macos-x86_64, r-oldrel-macos-x86_64

Version: 1.1.1
Check: package dependencies
Result: ERROR
    Packages required but not available: 'httr', 'jsonvalidate'
    
    Package suggested but not available for checking: 'covr'
    
    See section 'The DESCRIPTION file' in the 'Writing R Extensions'
    manual.
Flavor: r-devel-windows-x86_64-gcc10-UCRT