CRAN Package Check Results for Package syuzhet

Last updated on 2021-04-15 09:50:18 CEST.

Flavor Version Tinstall Tcheck Ttotal Status Flags
r-devel-linux-x86_64-debian-clang 1.0.6 11.20 252.81 264.01 NOTE
r-devel-linux-x86_64-debian-gcc 1.0.6 9.72 190.24 199.96 NOTE
r-devel-linux-x86_64-fedora-clang 1.0.6 323.45 NOTE
r-devel-linux-x86_64-fedora-gcc 1.0.6 318.15 NOTE
r-devel-windows-ix86+x86_64 1.0.6 25.00 319.00 344.00 NOTE
r-devel-windows-x86_64-gcc10-UCRT 1.0.6 NOTE
r-patched-linux-x86_64 1.0.6 10.54 240.81 251.35 OK
r-patched-solaris-x86 1.0.6 566.90 NOTE
r-release-linux-x86_64 1.0.6 10.79 243.30 254.09 OK
r-release-macos-x86_64 1.0.6 NOTE
r-release-windows-ix86+x86_64 1.0.6 40.00 315.00 355.00 NOTE
r-oldrel-macos-x86_64 1.0.6 NOTE
r-oldrel-windows-ix86+x86_64 1.0.6 16.00 236.00 252.00 NOTE

Check Details

Version: 1.0.6
Check: LazyData
Result: NOTE
     'LazyData' is specified without a 'data' directory
Flavors: r-devel-linux-x86_64-debian-clang, r-devel-linux-x86_64-debian-gcc, r-devel-linux-x86_64-fedora-clang, r-devel-linux-x86_64-fedora-gcc, r-devel-windows-ix86+x86_64, r-devel-windows-x86_64-gcc10-UCRT

Version: 1.0.6
Check: installed package size
Result: NOTE
     installed size is 5.3Mb
     sub-directories of 1Mb or more:
     R 1.3Mb
     extdata 3.1Mb
Flavors: r-devel-linux-x86_64-fedora-clang, r-devel-windows-ix86+x86_64, r-patched-solaris-x86, r-release-macos-x86_64, r-release-windows-ix86+x86_64, r-oldrel-macos-x86_64, r-oldrel-windows-ix86+x86_64