CRAN Package Check Results for Package symmetry

Last updated on 2021-06-16 09:53:40 CEST.

Flavor Version Tinstall Tcheck Ttotal Status Flags
r-devel-linux-x86_64-debian-clang 0.2.1 225.37 34.69 260.06 NOTE
r-devel-linux-x86_64-debian-gcc 0.2.1 135.06 27.17 162.23 NOTE
r-devel-linux-x86_64-fedora-clang 0.2.1 385.83 NOTE
r-devel-linux-x86_64-fedora-gcc 0.2.1 316.35 NOTE
r-devel-windows-x86_64 0.2.1 255.00 66.00 321.00 NOTE
r-devel-windows-x86_64-gcc10-UCRT 0.2.1 NOTE
r-patched-linux-x86_64 0.2.1 164.94 33.94 198.88 NOTE
r-patched-solaris-x86 0.2.1 280.60 NOTE
r-release-linux-x86_64 0.2.1 165.73 33.70 199.43 NOTE
r-release-macos-arm64 0.2.1 NOTE
r-release-macos-x86_64 0.2.1 NOTE
r-release-windows-ix86+x86_64 0.2.1 497.00 88.00 585.00 NOTE
r-oldrel-macos-x86_64 0.2.1 OK
r-oldrel-windows-ix86+x86_64 0.2.1 358.00 81.00 439.00 OK

Check Details

Version: 0.2.1
Check: LazyData
Result: NOTE
     'LazyData' is specified without a 'data' directory
Flavors: r-devel-linux-x86_64-debian-clang, r-devel-linux-x86_64-debian-gcc, r-devel-linux-x86_64-fedora-clang, r-devel-linux-x86_64-fedora-gcc, r-devel-windows-x86_64, r-devel-windows-x86_64-gcc10-UCRT, r-patched-linux-x86_64, r-patched-solaris-x86, r-release-linux-x86_64, r-release-macos-arm64, r-release-macos-x86_64, r-release-windows-ix86+x86_64

Version: 0.2.1
Check: installed package size
Result: NOTE
     installed size is 6.4Mb
     sub-directories of 1Mb or more:
     libs 6.2Mb
Flavors: r-devel-linux-x86_64-fedora-clang, r-release-macos-arm64