CRAN Package Check Results for Package sybilcycleFreeFlux

Last updated on 2021-04-15 09:50:18 CEST.

Flavor Version Tinstall Tcheck Ttotal Status Flags
r-devel-linux-x86_64-debian-clang 2.0.2 9.70 88.56 98.26 OK
r-devel-linux-x86_64-debian-gcc 2.0.2 7.57 67.47 75.04 OK
r-devel-linux-x86_64-fedora-clang 2.0.2 127.68 NOTE
r-devel-linux-x86_64-fedora-gcc 2.0.2 115.05 NOTE
r-devel-windows-ix86+x86_64 2.0.2 21.00 108.00 129.00 NOTE
r-devel-windows-x86_64-gcc10-UCRT 2.0.2 NOTE
r-patched-linux-x86_64 2.0.2 9.21 81.68 90.89 OK
r-patched-solaris-x86 2.0.2 177.10 NOTE
r-release-linux-x86_64 2.0.2 9.26 82.15 91.41 OK
r-release-macos-x86_64 2.0.2 NOTE
r-release-windows-ix86+x86_64 2.0.2 18.00 114.00 132.00 NOTE
r-oldrel-macos-x86_64 2.0.2 NOTE
r-oldrel-windows-ix86+x86_64 2.0.2 18.00 80.00 98.00 NOTE

Check Details

Version: 2.0.2
Check: package dependencies
Result: NOTE
    Package suggested but not available for checking: ‘cplexAPI’
Flavors: r-devel-linux-x86_64-fedora-clang, r-devel-linux-x86_64-fedora-gcc, r-devel-windows-ix86+x86_64, r-devel-windows-x86_64-gcc10-UCRT, r-patched-solaris-x86, r-release-macos-x86_64, r-release-windows-ix86+x86_64, r-oldrel-macos-x86_64, r-oldrel-windows-ix86+x86_64