CRAN Package Check Results for Package swdft

Last updated on 2021-06-16 09:53:40 CEST.

Flavor Version Tinstall Tcheck Ttotal Status Flags
r-devel-linux-x86_64-debian-clang 1.0.0 3.89 224.31 228.20 NOTE
r-devel-linux-x86_64-debian-gcc 1.0.0 2.31 158.69 161.00 NOTE
r-devel-linux-x86_64-fedora-clang 1.0.0 267.25 NOTE
r-devel-linux-x86_64-fedora-gcc 1.0.0 261.25 NOTE
r-devel-windows-x86_64 1.0.0 7.00 253.00 260.00 NOTE
r-devel-windows-x86_64-gcc10-UCRT 1.0.0 NOTE
r-patched-linux-x86_64 1.0.0 3.92 211.66 215.58 NOTE
r-patched-solaris-x86 1.0.0 304.40 NOTE
r-release-linux-x86_64 1.0.0 3.11 209.93 213.04 NOTE
r-release-macos-arm64 1.0.0 NOTE
r-release-macos-x86_64 1.0.0 NOTE
r-release-windows-ix86+x86_64 1.0.0 7.00 263.00 270.00 NOTE
r-oldrel-macos-x86_64 1.0.0 OK
r-oldrel-windows-ix86+x86_64 1.0.0 6.00 285.00 291.00 OK

Check Details

Version: 1.0.0
Check: LazyData
Result: NOTE
     'LazyData' is specified without a 'data' directory
Flavors: r-devel-linux-x86_64-debian-clang, r-devel-linux-x86_64-debian-gcc, r-devel-linux-x86_64-fedora-clang, r-devel-linux-x86_64-fedora-gcc, r-devel-windows-x86_64, r-devel-windows-x86_64-gcc10-UCRT, r-patched-linux-x86_64, r-patched-solaris-x86, r-release-linux-x86_64, r-release-macos-arm64, r-release-macos-x86_64, r-release-windows-ix86+x86_64