CRAN Package Check Results for Package svs

Last updated on 2021-04-15 09:50:18 CEST.

Flavor Version Tinstall Tcheck Ttotal Status Flags
r-devel-linux-x86_64-debian-clang 3.0.0 8.73 79.24 87.97 NOTE
r-devel-linux-x86_64-debian-gcc 3.0.0 7.20 61.39 68.59 NOTE
r-devel-linux-x86_64-fedora-clang 3.0.0 114.18 NOTE
r-devel-linux-x86_64-fedora-gcc 3.0.0 102.47 NOTE
r-devel-windows-ix86+x86_64 3.0.0 19.00 103.00 122.00 NOTE
r-devel-windows-x86_64-gcc10-UCRT 3.0.0 NOTE
r-patched-linux-x86_64 3.0.0 7.78 74.12 81.90 OK
r-patched-solaris-x86 3.0.0 151.90 OK
r-release-linux-x86_64 3.0.0 8.92 74.07 82.99 OK
r-release-macos-x86_64 3.0.0 OK
r-release-windows-ix86+x86_64 3.0.0 15.00 106.00 121.00 OK
r-oldrel-macos-x86_64 3.0.0 OK
r-oldrel-windows-ix86+x86_64 3.0.0 15.00 77.00 92.00 OK

Check Details

Version: 3.0.0
Check: LazyData
Result: NOTE
     'LazyData' is specified without a 'data' directory
Flavors: r-devel-linux-x86_64-debian-clang, r-devel-linux-x86_64-debian-gcc, r-devel-linux-x86_64-fedora-clang, r-devel-linux-x86_64-fedora-gcc, r-devel-windows-ix86+x86_64, r-devel-windows-x86_64-gcc10-UCRT