CRAN Package Check Results for Package survminer

Last updated on 2021-04-15 09:50:18 CEST.

Flavor Version Tinstall Tcheck Ttotal Status Flags
r-devel-linux-x86_64-debian-clang 0.4.9 16.15 236.70 252.85 OK
r-devel-linux-x86_64-debian-gcc 0.4.9 12.87 173.54 186.41 OK
r-devel-linux-x86_64-fedora-clang 0.4.9 303.11 NOTE
r-devel-linux-x86_64-fedora-gcc 0.4.9 293.15 OK
r-devel-windows-ix86+x86_64 0.4.9 37.00 277.00 314.00 NOTE
r-devel-windows-x86_64-gcc10-UCRT 0.4.9 OK
r-patched-linux-x86_64 0.4.9 14.37 217.90 232.27 OK
r-patched-solaris-x86 0.4.9 382.20 NOTE
r-release-linux-x86_64 0.4.9 13.77 216.15 229.92 OK
r-release-macos-x86_64 0.4.9 NOTE
r-release-windows-ix86+x86_64 0.4.9 37.00 297.00 334.00 NOTE
r-oldrel-macos-x86_64 0.4.9 NOTE
r-oldrel-windows-ix86+x86_64 0.4.9 24.00 198.00 222.00 NOTE

Check Details

Version: 0.4.9
Check: installed package size
Result: NOTE
     installed size is 6.0Mb
     sub-directories of 1Mb or more:
     doc 5.5Mb
Flavors: r-devel-linux-x86_64-fedora-clang, r-devel-windows-ix86+x86_64, r-patched-solaris-x86, r-release-macos-x86_64, r-release-windows-ix86+x86_64, r-oldrel-macos-x86_64, r-oldrel-windows-ix86+x86_64