CRAN Package Check Results for Package surveyplanning

Last updated on 2021-06-16 09:53:40 CEST.

Flavor Version Tinstall Tcheck Ttotal Status Flags
r-devel-linux-x86_64-debian-clang 4.0 4.52 36.58 41.10 NOTE
r-devel-linux-x86_64-debian-gcc 4.0 2.88 26.80 29.68 NOTE
r-devel-linux-x86_64-fedora-clang 4.0 56.90 NOTE
r-devel-linux-x86_64-fedora-gcc 4.0 45.83 NOTE
r-devel-windows-x86_64 4.0 7.00 87.00 94.00 NOTE
r-devel-windows-x86_64-gcc10-UCRT 4.0 NOTE
r-patched-linux-x86_64 4.0 3.54 33.97 37.51 NOTE
r-patched-solaris-x86 4.0 65.40 NOTE
r-release-linux-x86_64 4.0 3.79 33.32 37.11 NOTE
r-release-macos-arm64 4.0 NOTE
r-release-macos-x86_64 4.0 NOTE
r-release-windows-ix86+x86_64 4.0 8.00 42.00 50.00 NOTE
r-oldrel-macos-x86_64 4.0 OK
r-oldrel-windows-ix86+x86_64 4.0 7.00 51.00 58.00 OK

Check Details

Version: 4.0
Check: LazyData
Result: NOTE
     'LazyData' is specified without a 'data' directory
Flavors: r-devel-linux-x86_64-debian-clang, r-devel-linux-x86_64-debian-gcc, r-devel-linux-x86_64-fedora-clang, r-devel-linux-x86_64-fedora-gcc, r-devel-windows-x86_64, r-devel-windows-x86_64-gcc10-UCRT, r-patched-linux-x86_64, r-patched-solaris-x86, r-release-linux-x86_64, r-release-macos-arm64, r-release-macos-x86_64, r-release-windows-ix86+x86_64