CRAN Package Check Results for Package sure

Last updated on 2021-04-15 09:50:18 CEST.

Flavor Version Tinstall Tcheck Ttotal Status Flags
r-devel-linux-x86_64-debian-clang 0.2.0 5.14 51.02 56.16 OK
r-devel-linux-x86_64-debian-gcc 0.2.0 3.92 38.68 42.60 OK
r-devel-linux-x86_64-fedora-clang 0.2.0 78.17 NOTE
r-devel-linux-x86_64-fedora-gcc 0.2.0 63.68 OK
r-devel-windows-ix86+x86_64 0.2.0 13.00 68.00 81.00 OK
r-devel-windows-x86_64-gcc10-UCRT 0.2.0 OK
r-patched-linux-x86_64 0.2.0 4.56 47.41 51.97 OK
r-patched-solaris-x86 0.2.0 98.30 OK
r-release-linux-x86_64 0.2.0 4.20 47.87 52.07 OK
r-release-macos-x86_64 0.2.0 OK
r-release-windows-ix86+x86_64 0.2.0 30.00 71.00 101.00 OK
r-oldrel-macos-x86_64 0.2.0 OK
r-oldrel-windows-ix86+x86_64 0.2.0 9.00 48.00 57.00 OK

Check Details

Version: 0.2.0
Check: Rd cross-references
Result: NOTE
    Undeclared package ‘truncdist’ in Rd xrefs
Flavor: r-devel-linux-x86_64-fedora-clang