CRAN Package Check Results for Package support.CEs

Last updated on 2021-04-15 09:50:18 CEST.

Flavor Version Tinstall Tcheck Ttotal Status Flags
r-devel-linux-x86_64-debian-clang 0.5-0 4.41 42.72 47.13 OK
r-devel-linux-x86_64-debian-gcc 0.5-0 3.40 32.97 36.37 OK
r-devel-linux-x86_64-fedora-clang 0.5-0 66.34 NOTE
r-devel-linux-x86_64-fedora-gcc 0.5-0 54.26 OK
r-devel-windows-ix86+x86_64 0.5-0 9.00 65.00 74.00 OK
r-devel-windows-x86_64-gcc10-UCRT 0.5-0 OK
r-patched-linux-x86_64 0.5-0 3.68 40.89 44.57 OK
r-patched-solaris-x86 0.5-0 82.70 OK
r-release-linux-x86_64 0.5-0 4.02 41.45 45.47 OK
r-release-macos-x86_64 0.5-0 OK
r-release-windows-ix86+x86_64 0.5-0 31.00 66.00 97.00 OK
r-oldrel-macos-x86_64 0.5-0 OK
r-oldrel-windows-ix86+x86_64 0.5-0 8.00 46.00 54.00 OK

Check Details

Version: 0.5-0
Check: Rd cross-references
Result: NOTE
    Undeclared package ‘mded’ in Rd xrefs
Flavor: r-devel-linux-x86_64-fedora-clang