CRAN Package Check Results for Package suddengains

Last updated on 2020-03-30 20:48:44 CEST.

Flavor Version Tinstall Tcheck Ttotal Status Flags
r-devel-linux-x86_64-debian-clang 0.4.3 4.83 80.07 84.90 OK
r-devel-linux-x86_64-debian-gcc 0.4.3 3.83 60.68 64.51 OK
r-devel-linux-x86_64-fedora-clang 0.4.3 111.01 OK
r-devel-linux-x86_64-fedora-gcc 0.4.3 97.30 OK
r-devel-windows-ix86+x86_64 0.4.3 9.00 82.00 91.00 OK
r-devel-windows-ix86+x86_64-gcc8 0.4.3 13.00 94.00 107.00 OK
r-patched-linux-x86_64 0.4.3 4.68 77.48 82.16 OK
r-patched-solaris-x86 0.4.3 113.50 WARN
r-release-linux-x86_64 0.4.3 3.64 70.27 73.91 OK
r-release-windows-ix86+x86_64 0.4.3 14.00 122.00 136.00 OK
r-release-osx-x86_64 0.4.3 WARN
r-oldrel-windows-ix86+x86_64 0.4.3 10.00 124.00 134.00 OK
r-oldrel-osx-x86_64 0.4.3 WARN

Check Details

Version: 0.4.3
Check: re-building of vignette outputs
Result: WARN
    Error(s) in re-building vignettes:
     ...
    --- re-building ‘suddengains-tutorial.Rmd’ using rmarkdown
    Warning in engine$weave(file, quiet = quiet, encoding = enc) :
     Pandoc (>= 1.12.3) and/or pandoc-citeproc not available. Falling back to R Markdown v1.
    Quitting from lines 472-479 (suddengains-tutorial.Rmd)
    Error: processing vignette 'suddengains-tutorial.Rmd' failed with diagnostics:
    there is no package called 'webshot'
    --- failed re-building ‘suddengains-tutorial.Rmd’
    
    SUMMARY: processing the following file failed:
     ‘suddengains-tutorial.Rmd’
    
    Error: Vignette re-building failed.
    Execution halted
Flavor: r-patched-solaris-x86

Version: 0.4.3
Check: re-building of vignette outputs
Result: WARN
    Error(s) in re-building vignettes:
     ...
    --- re-building ‘suddengains-tutorial.Rmd’ using rmarkdown
    Warning in engine$weave(file, quiet = quiet, encoding = enc) :
     Pandoc (>= 1.12.3) and/or pandoc-citeproc not available. Falling back to R Markdown v1.
    Quitting from lines 472-479 (suddengains-tutorial.Rmd)
    Error: processing vignette 'suddengains-tutorial.Rmd' failed with diagnostics:
    cannot open the connection
    --- failed re-building ‘suddengains-tutorial.Rmd’
    
    SUMMARY: processing the following file failed:
     ‘suddengains-tutorial.Rmd’
    
    Error: Vignette re-building failed.
    Execution halted
Flavor: r-release-osx-x86_64

Version: 0.4.3
Check: re-building of vignette outputs
Result: WARN
    Error in re-building vignettes:
     ...
    Warning in engine$weave(file, quiet = quiet, encoding = enc) :
     Pandoc (>= 1.12.3) and/or pandoc-citeproc not available. Falling back to R Markdown v1.
    Quitting from lines 472-479 (suddengains-tutorial.Rmd)
    Error: processing vignette 'suddengains-tutorial.Rmd' failed with diagnostics:
    cannot open the connection
    Execution halted
Flavor: r-oldrel-osx-x86_64