CRAN Package Check Results for Package styler

Last updated on 2020-02-17 14:48:06 CET.

Flavor Version Tinstall Tcheck Ttotal Status Flags
r-devel-linux-x86_64-debian-clang 1.3.1 9.78 274.69 284.47 OK
r-devel-linux-x86_64-debian-gcc 1.3.1 7.02 200.16 207.18 OK
r-devel-linux-x86_64-fedora-clang 1.3.1 316.68 OK
r-devel-linux-x86_64-fedora-gcc 1.3.1 324.96 OK
r-devel-windows-ix86+x86_64 1.3.1 14.00 256.00 270.00 OK
r-devel-windows-ix86+x86_64-gcc8 1.2.0 38.00 232.00 270.00 OK
r-patched-linux-x86_64 1.3.1 7.29 243.26 250.55 OK
r-patched-solaris-x86 1.3.1 365.10 OK
r-release-linux-x86_64 1.3.1 7.29 232.32 239.61 OK
r-release-windows-ix86+x86_64 1.3.0 16.00 224.00 240.00 OK
r-release-osx-x86_64 1.3.1 ERROR
r-oldrel-windows-ix86+x86_64 1.2.0 12.00 263.00 275.00 OK
r-oldrel-osx-x86_64 1.3.1 OK

Check Details

Version: 1.3.1
Check: tests
Result: ERROR
     Running ‘testthat.R’ [133s/133s]
    Running the tests in ‘tests/testthat.R’ failed.
    Last 13 lines of output:
     Created: 2020-02-16 10:18:14
     Location: /tmp/RtmpCgfKQT/.Rcache/styler/testthat
     Activated: TRUE
     Using cache testthat at /tmp/RtmpCgfKQT/.Rcache/styler/testthat.
     Deactivated cache.
     ── 1. Failure: top-level test: Caches top-level expressions efficiently on style
     partially_cached_benchmark["elapsed"] * 3 is not strictly less than not_cached_benchmark["elapsed"]. Difference: 0.039
    
     Using cache testthat at /tmp/RtmpCgfKQT/.Rcache/styler/testthat.
     ══ testthat results ═══════════════════════════════════════════════════════════
     [ OK: 307 | SKIPPED: 2 | WARNINGS: 0 | FAILED: 1 ]
     1. Failure: top-level test: Caches top-level expressions efficiently on style_text() (@test-cache-with-r-cache.R#44)
    
     Error: testthat unit tests failed
     Execution halted
Flavor: r-release-osx-x86_64