CRAN Package Check Results for Package striprtf

Last updated on 2021-06-16 09:53:40 CEST.

Flavor Version Tinstall Tcheck Ttotal Status Flags
r-devel-linux-x86_64-debian-clang 0.5.2 31.35 31.88 63.23 NOTE
r-devel-linux-x86_64-debian-gcc 0.5.2 19.10 24.72 43.82 NOTE
r-devel-linux-x86_64-fedora-clang 0.5.2 92.78 NOTE
r-devel-linux-x86_64-fedora-gcc 0.5.2 73.86 NOTE
r-devel-windows-x86_64 0.5.2 36.00 62.00 98.00 NOTE
r-devel-windows-x86_64-gcc10-UCRT 0.5.2 NOTE
r-patched-linux-x86_64 0.5.2 22.90 31.28 54.18 NOTE
r-patched-solaris-x86 0.5.2 92.00 NOTE
r-release-linux-x86_64 0.5.2 20.30 30.34 50.64 NOTE
r-release-macos-arm64 0.5.2 NOTE
r-release-macos-x86_64 0.5.2 NOTE
r-release-windows-ix86+x86_64 0.5.2 67.00 69.00 136.00 NOTE
r-oldrel-macos-x86_64 0.5.2 OK
r-oldrel-windows-ix86+x86_64 0.5.2 49.00 85.00 134.00 OK

Check Details

Version: 0.5.2
Check: LazyData
Result: NOTE
     'LazyData' is specified without a 'data' directory
Flavors: r-devel-linux-x86_64-debian-clang, r-devel-linux-x86_64-debian-gcc, r-devel-linux-x86_64-fedora-clang, r-devel-linux-x86_64-fedora-gcc, r-devel-windows-x86_64, r-devel-windows-x86_64-gcc10-UCRT, r-patched-linux-x86_64, r-patched-solaris-x86, r-release-linux-x86_64, r-release-macos-arm64, r-release-macos-x86_64, r-release-windows-ix86+x86_64