CRAN Package Check Results for Package stratEst

Last updated on 2021-06-16 09:53:40 CEST.

Flavor Version Tinstall Tcheck Ttotal Status Flags
r-devel-linux-x86_64-debian-clang 1.0.1 132.54 55.42 187.96 OK
r-devel-linux-x86_64-debian-gcc 1.0.1 95.10 42.70 137.80 OK
r-devel-linux-x86_64-fedora-clang 1.0.1 259.19 NOTE
r-devel-linux-x86_64-fedora-gcc 1.0.1 233.30 OK
r-devel-windows-x86_64 1.0.1 132.00 83.00 215.00 OK
r-devel-windows-x86_64-gcc10-UCRT 1.0.1 OK
r-patched-linux-x86_64 1.0.1 103.37 52.94 156.31 OK
r-patched-solaris-x86 1.0.1 221.20 OK
r-release-linux-x86_64 1.0.1 96.68 53.73 150.41 OK
r-release-macos-arm64 1.0.1 NOTE
r-release-macos-x86_64 1.0.1 NOTE
r-release-windows-ix86+x86_64 1.0.1 251.00 82.00 333.00 OK
r-oldrel-macos-x86_64 1.0.1 NOTE
r-oldrel-windows-ix86+x86_64 1.0.1 186.00 106.00 292.00 OK

Check Details

Version: 1.0.1
Check: installed package size
Result: NOTE
     installed size is 8.9Mb
     sub-directories of 1Mb or more:
     libs 7.7Mb
Flavors: r-devel-linux-x86_64-fedora-clang, r-release-macos-arm64, r-release-macos-x86_64, r-oldrel-macos-x86_64