CRAN Package Check Results for Package stpp

Last updated on 2021-06-16 09:53:40 CEST.

Flavor Version Tinstall Tcheck Ttotal Status Flags
r-devel-linux-x86_64-debian-clang 2.0-5 26.50 183.69 210.19 OK
r-devel-linux-x86_64-debian-gcc 2.0-5 20.64 136.07 156.71 OK
r-devel-linux-x86_64-fedora-clang 2.0-5 260.74 OK
r-devel-linux-x86_64-fedora-gcc 2.0-5 241.68 OK
r-devel-windows-x86_64 2.0-5 41.00 191.00 232.00 OK
r-devel-windows-x86_64-gcc10-UCRT 2.0-5 OK
r-patched-linux-x86_64 2.0-5 26.33 175.47 201.80 OK
r-patched-solaris-x86 2.0-5 355.90 OK
r-release-linux-x86_64 2.0-5 26.05 173.40 199.45 OK
r-release-macos-arm64 2.0-5 ERROR
r-release-macos-x86_64 2.0-5 ERROR
r-release-windows-ix86+x86_64 2.0-5 61.00 254.00 315.00 OK
r-oldrel-macos-x86_64 2.0-5 ERROR
r-oldrel-windows-ix86+x86_64 2.0-5 63.00 266.00 329.00 OK

Check Details

Version: 2.0-5
Check: package dependencies
Result: ERROR
    Package required but not available: ‘rpanel’
    
    See section ‘The DESCRIPTION file’ in the ‘Writing R Extensions’
    manual.
Flavors: r-release-macos-arm64, r-release-macos-x86_64, r-oldrel-macos-x86_64