CRAN Package Check Results for Package stpm

Last updated on 2021-04-15 09:50:17 CEST.

Flavor Version Tinstall Tcheck Ttotal Status Flags
r-devel-linux-x86_64-debian-clang 1.7.9 236.18 448.50 684.68 OK
r-devel-linux-x86_64-debian-gcc 1.7.9 161.43 154.95 316.38 ERROR
r-devel-linux-x86_64-fedora-clang 1.7.9 623.44 ERROR
r-devel-linux-x86_64-fedora-gcc 1.7.9 573.61 ERROR
r-devel-windows-ix86+x86_64 1.7.9 497.00 467.00 964.00 OK
r-devel-windows-x86_64-gcc10-UCRT 1.7.9 OK
r-patched-linux-x86_64 1.7.9 187.89 398.95 586.84 OK
r-patched-solaris-x86 1.7.9 895.10 OK
r-release-linux-x86_64 1.7.9 179.39 415.29 594.68 OK
r-release-macos-x86_64 1.7.9 NOTE
r-release-windows-ix86+x86_64 1.7.9 403.00 549.00 952.00 OK
r-oldrel-macos-x86_64 1.7.9 NOTE
r-oldrel-windows-ix86+x86_64 1.7.9 423.00 398.00 821.00 OK

Check Details

Version: 1.7.9
Check: examples
Result: ERROR
    Running examples in ‘stpm-Ex.R’ failed
    The error most likely occurred in:
    
    > base::assign(".ptime", proc.time(), pos = "CheckExEnv")
    > ### Name: spm_cont_lin
    > ### Title: Continuous multi-dimensional optimization with linear terms in
    > ### mu only
    > ### Aliases: spm_cont_lin
    >
    > ### ** Examples
    >
    > library(stpm)
    > #Reading the data:
    > data <- simdata_cont(N=2)
    > head(data)
     id xi t1 t2 y1 y1.next
    1 0 0 32.65509 34.02721 80.18364 87.37545
    2 0 0 34.02721 35.68801 87.37545 77.26300
    3 0 0 35.68801 36.86457 77.26300 75.86685
    4 0 0 36.86457 38.36226 75.86685 90.34507
    5 0 0 38.36226 40.13971 90.34507 84.36725
    6 0 0 40.13971 41.26526 84.36725 82.63499
    > #Parameters estimation:
    > pars <- spm_cont_lin(dat=data,a=-0.05, f1=80,
    + Q=2e-8, f=80, b=5, mu0=2e-5)
    Error in assign("results", results_tmp, envir = baseenv()) :
     cannot add binding of 'results' to the base environment
    Calls: spm_cont_lin -> nloptr -> eval_f -> assign
    Execution halted
Flavor: r-devel-linux-x86_64-debian-gcc

Version: 1.7.9
Check: re-building of vignette outputs
Result: WARN
    Error(s) in re-building vignettes:
     ...
    --- re-building ‘stpm-vignette.Rmd’ using rmarkdown
    Loading required package: Rcpp
    Quitting from lines 159-167 (stpm-vignette.Rmd)
    Error: processing vignette 'stpm-vignette.Rmd' failed with diagnostics:
    cannot add binding of ‘results’ to the base environment
    --- failed re-building ‘stpm-vignette.Rmd’
    
    SUMMARY: processing the following file failed:
     ‘stpm-vignette.Rmd’
    
    Error: Vignette re-building failed.
    Execution halted
Flavor: r-devel-linux-x86_64-debian-gcc

Version: 1.7.9
Check: installed package size
Result: NOTE
     installed size is 9.4Mb
     sub-directories of 1Mb or more:
     libs 7.6Mb
Flavors: r-devel-linux-x86_64-fedora-clang, r-release-macos-x86_64, r-oldrel-macos-x86_64

Version: 1.7.9
Check: examples
Result: ERROR
    Running examples in ‘stpm-Ex.R’ failed
    The error most likely occurred in:
    
    > ### Name: spm_cont_lin
    > ### Title: Continuous multi-dimensional optimization with linear terms in
    > ### mu only
    > ### Aliases: spm_cont_lin
    >
    > ### ** Examples
    >
    > library(stpm)
    > #Reading the data:
    > data <- simdata_cont(N=2)
    > head(data)
     id xi t1 t2 y1 y1.next
    1 0 0 32.65509 34.02721 80.18364 87.37545
    2 0 0 34.02721 35.68801 87.37545 77.26300
    3 0 0 35.68801 36.86457 77.26300 75.86685
    4 0 0 36.86457 38.36226 75.86685 90.34507
    5 0 0 38.36226 40.13971 90.34507 84.36725
    6 0 0 40.13971 41.26526 84.36725 82.63499
    > #Parameters estimation:
    > pars <- spm_cont_lin(dat=data,a=-0.05, f1=80,
    + Q=2e-8, f=80, b=5, mu0=2e-5)
    Error in assign("results", results_tmp, envir = baseenv()) :
     cannot add binding of 'results' to the base environment
    Calls: spm_cont_lin -> nloptr -> eval_f -> assign
    Execution halted
Flavors: r-devel-linux-x86_64-fedora-clang, r-devel-linux-x86_64-fedora-gcc

Version: 1.7.9
Check: re-building of vignette outputs
Result: WARN
    Error(s) in re-building vignettes:
    --- re-building ‘stpm-vignette.Rmd’ using rmarkdown
    Loading required package: Rcpp
    Quitting from lines 159-167 (stpm-vignette.Rmd)
    Error: processing vignette 'stpm-vignette.Rmd' failed with diagnostics:
    cannot add binding of 'results' to the base environment
    --- failed re-building ‘stpm-vignette.Rmd’
    
    SUMMARY: processing the following file failed:
     ‘stpm-vignette.Rmd’
    
    Error: Vignette re-building failed.
    Execution halted
Flavors: r-devel-linux-x86_64-fedora-clang, r-devel-linux-x86_64-fedora-gcc