CRAN Package Check Results for Package storr

Last updated on 2021-10-27 08:56:20 CEST.

Flavor Version Tinstall Tcheck Ttotal Status Flags
r-devel-linux-x86_64-debian-clang 1.2.5 8.34 51.03 59.37 NOTE
r-devel-linux-x86_64-debian-gcc 1.2.5 7.56 38.49 46.05 NOTE
r-devel-linux-x86_64-fedora-clang 1.2.5 81.09 NOTE
r-devel-linux-x86_64-fedora-gcc 1.2.5 70.75 NOTE
r-devel-windows-x86_64 1.2.5 15.00 60.00 75.00 NOTE
r-devel-windows-x86_64-gcc10-UCRT 1.2.5 NOTE
r-patched-linux-x86_64 1.2.5 11.31 48.06 59.37 NOTE
r-patched-solaris-x86 1.2.5 94.70 NOTE
r-release-linux-x86_64 1.2.5 8.87 48.70 57.57 NOTE
r-release-macos-arm64 1.2.5 NOTE
r-release-macos-x86_64 1.2.5 NOTE
r-release-windows-ix86+x86_64 1.2.5 15.00 114.00 129.00 NOTE
r-oldrel-macos-x86_64 1.2.5 OK
r-oldrel-windows-ix86+x86_64 1.2.5 18.00 106.00 124.00 OK

Check Details

Version: 1.2.5
Check: LazyData
Result: NOTE
     'LazyData' is specified without a 'data' directory
Flavors: r-devel-linux-x86_64-debian-clang, r-devel-linux-x86_64-debian-gcc, r-devel-linux-x86_64-fedora-clang, r-devel-linux-x86_64-fedora-gcc, r-devel-windows-x86_64, r-devel-windows-x86_64-gcc10-UCRT, r-patched-linux-x86_64, r-patched-solaris-x86, r-release-linux-x86_64, r-release-macos-arm64, r-release-macos-x86_64, r-release-windows-ix86+x86_64