CRAN Package Check Results for Package stminsights

Last updated on 2021-06-21 09:52:59 CEST.

Flavor Version Tinstall Tcheck Ttotal Status Flags
r-devel-linux-x86_64-debian-clang 0.4.1 11.00 125.06 136.06 OK
r-devel-linux-x86_64-debian-gcc 0.4.1 10.08 92.51 102.59 OK
r-devel-linux-x86_64-fedora-clang 0.4.1 168.85 NOTE
r-devel-linux-x86_64-fedora-gcc 0.4.1 158.97 NOTE
r-devel-windows-x86_64 0.4.1 19.00 149.00 168.00 OK
r-devel-windows-x86_64-gcc10-UCRT 0.4.1 NOTE
r-patched-linux-x86_64 0.4.1 10.95 115.54 126.49 OK
r-patched-solaris-x86 0.4.1 246.50 NOTE
r-release-linux-x86_64 0.4.1 11.92 116.95 128.87 OK
r-release-macos-arm64 0.4.1 NOTE
r-release-macos-x86_64 0.4.1 NOTE
r-release-windows-ix86+x86_64 0.4.1 29.00 147.00 176.00 OK
r-oldrel-macos-x86_64 0.4.1 NOTE

Check Details

Version: 0.4.1
Check: dependencies in R code
Result: NOTE
    Namespaces in Imports field not imported from:
     ‘huge’ ‘readr’ ‘scales’ ‘shinyjs’
     All declared Imports should be used.
Flavors: r-devel-linux-x86_64-fedora-clang, r-devel-linux-x86_64-fedora-gcc, r-devel-windows-x86_64-gcc10-UCRT, r-patched-solaris-x86, r-release-macos-arm64, r-release-macos-x86_64, r-oldrel-macos-x86_64