CRAN Package Check Results for Package stlcsb

Last updated on 2021-04-15 09:50:17 CEST.

Flavor Version Tinstall Tcheck Ttotal Status Flags
r-devel-linux-x86_64-debian-clang 0.1.2 8.80 78.36 87.16 OK
r-devel-linux-x86_64-debian-gcc 0.1.2 6.49 59.82 66.31 OK
r-devel-linux-x86_64-fedora-clang 0.1.2 113.31 NOTE
r-devel-linux-x86_64-fedora-gcc 0.1.2 100.86 NOTE
r-devel-windows-ix86+x86_64 0.1.2 19.00 77.00 96.00 OK
r-devel-windows-x86_64-gcc10-UCRT 0.1.2 NOTE
r-patched-linux-x86_64 0.1.2 9.06 74.60 83.66 OK
r-patched-solaris-x86 0.1.2 172.00 NOTE
r-release-linux-x86_64 0.1.2 6.69 74.18 80.87 OK
r-release-macos-x86_64 0.1.2 NOTE
r-release-windows-ix86+x86_64 0.1.2 20.00 103.00 123.00 OK
r-oldrel-macos-x86_64 0.1.2 NOTE
r-oldrel-windows-ix86+x86_64 0.1.2 13.00 70.00 83.00 OK

Check Details

Version: 0.1.2
Check: dependencies in R code
Result: NOTE
    Namespace in Imports field not imported from: ‘tibble’
     All declared Imports should be used.
Flavors: r-devel-linux-x86_64-fedora-clang, r-devel-linux-x86_64-fedora-gcc, r-devel-windows-x86_64-gcc10-UCRT, r-patched-solaris-x86, r-release-macos-x86_64, r-oldrel-macos-x86_64