CRAN Package Check Results for Package ssrn

Last updated on 2021-04-15 09:50:17 CEST.

Flavor Version Tinstall Tcheck Ttotal Status Flags
r-devel-linux-x86_64-debian-clang 0.1.0 2.36 28.89 31.25 NOTE
r-devel-linux-x86_64-debian-gcc 0.1.0 1.88 22.47 24.35 NOTE
r-devel-linux-x86_64-fedora-clang 0.1.0 48.64 NOTE
r-devel-linux-x86_64-fedora-gcc 0.1.0 36.81 NOTE
r-devel-windows-ix86+x86_64 0.1.0 5.00 43.00 48.00 OK
r-devel-windows-x86_64-gcc10-UCRT 0.1.0 NOTE
r-patched-linux-x86_64 0.1.0 2.44 27.59 30.03 NOTE
r-patched-solaris-x86 0.1.0 57.20 NOTE
r-release-linux-x86_64 0.1.0 2.46 28.09 30.55 NOTE
r-release-macos-x86_64 0.1.0 OK
r-release-windows-ix86+x86_64 0.1.0 6.00 50.00 56.00 OK
r-oldrel-macos-x86_64 0.1.0 OK
r-oldrel-windows-ix86+x86_64 0.1.0 3.00 36.00 39.00 OK

Check Details

Version: 0.1.0
Check: package dependencies
Result: NOTE
    Package suggested but not available for checking: 'scanstatistics'
Flavors: r-devel-linux-x86_64-debian-clang, r-devel-linux-x86_64-debian-gcc, r-devel-linux-x86_64-fedora-clang, r-devel-linux-x86_64-fedora-gcc, r-devel-windows-x86_64-gcc10-UCRT, r-patched-linux-x86_64, r-patched-solaris-x86, r-release-linux-x86_64