CRAN Package Check Results for Package spreadr

Last updated on 2021-06-20 09:50:09 CEST.

Flavor Version Tinstall Tcheck Ttotal Status Flags
r-devel-linux-x86_64-debian-clang 0.2.0 19.30 46.85 66.15 OK
r-devel-linux-x86_64-debian-gcc 0.2.0 12.71 35.94 48.65 OK
r-devel-linux-x86_64-fedora-clang 0.2.0 92.48 NOTE
r-devel-linux-x86_64-fedora-gcc 0.2.0 81.45 NOTE
r-devel-windows-x86_64 0.2.0 25.00 78.00 103.00 OK
r-devel-windows-x86_64-gcc10-UCRT 0.2.0 NOTE
r-patched-linux-x86_64 0.2.0 15.55 44.39 59.94 OK
r-patched-solaris-x86 0.2.0 103.20 NOTE
r-release-linux-x86_64 0.2.0 16.87 45.54 62.41 OK
r-release-macos-arm64 0.2.0 NOTE
r-release-macos-x86_64 0.2.0 NOTE
r-release-windows-ix86+x86_64 0.2.0 44.00 100.00 144.00 OK
r-oldrel-macos-x86_64 0.2.0 NOTE
r-oldrel-windows-ix86+x86_64 0.2.0 30.00 101.00 131.00 OK

Check Details

Version: 0.2.0
Check: dependencies in R code
Result: NOTE
    Namespaces in Imports field not imported from:
     ‘extrafont’ ‘ggplot2’
     All declared Imports should be used.
Flavors: r-devel-linux-x86_64-fedora-clang, r-devel-linux-x86_64-fedora-gcc, r-devel-windows-x86_64-gcc10-UCRT, r-patched-solaris-x86, r-release-macos-arm64, r-release-macos-x86_64, r-oldrel-macos-x86_64

Version: 0.2.0
Check: package dependencies
Result: NOTE
    Package suggested but not available for checking: ‘gifski’
Flavor: r-patched-solaris-x86