CRAN Package Check Results for Package splot

Last updated on 2021-10-27 08:56:20 CEST.

Flavor Version Tinstall Tcheck Ttotal Status Flags
r-devel-linux-x86_64-debian-clang 0.5.1 6.28 41.74 48.02 NOTE
r-devel-linux-x86_64-debian-gcc 0.5.1 5.99 31.72 37.71 NOTE
r-devel-linux-x86_64-fedora-clang 0.5.1 69.51 NOTE
r-devel-linux-x86_64-fedora-gcc 0.5.1 59.55 NOTE
r-devel-windows-x86_64 0.5.1 13.00 42.00 55.00 NOTE
r-devel-windows-x86_64-gcc10-UCRT 0.5.1 NOTE
r-patched-linux-x86_64 0.5.1 7.58 39.98 47.56 NOTE
r-patched-solaris-x86 0.5.1 79.20 NOTE
r-release-linux-x86_64 0.5.1 7.41 40.50 47.91 NOTE
r-release-macos-arm64 0.5.1 NOTE
r-release-macos-x86_64 0.5.1 NOTE
r-release-windows-ix86+x86_64 0.5.1 10.00 56.00 66.00 NOTE
r-oldrel-macos-x86_64 0.5.1 OK
r-oldrel-windows-ix86+x86_64 0.5.1 13.00 67.00 80.00 OK

Check Details

Version: 0.5.1
Check: LazyData
Result: NOTE
     'LazyData' is specified without a 'data' directory
Flavors: r-devel-linux-x86_64-debian-clang, r-devel-linux-x86_64-debian-gcc, r-devel-linux-x86_64-fedora-clang, r-devel-linux-x86_64-fedora-gcc, r-devel-windows-x86_64, r-devel-windows-x86_64-gcc10-UCRT, r-patched-linux-x86_64, r-patched-solaris-x86, r-release-linux-x86_64, r-release-macos-arm64, r-release-macos-x86_64, r-release-windows-ix86+x86_64