CRAN Package Check Results for Package splot

Last updated on 2021-06-22 09:51:55 CEST.

Flavor Version Tinstall Tcheck Ttotal Status Flags
r-devel-linux-x86_64-debian-clang 0.5.1 6.80 43.01 49.81 NOTE
r-devel-linux-x86_64-debian-gcc 0.5.1 6.00 32.67 38.67 NOTE
r-devel-linux-x86_64-fedora-clang 0.5.1 69.79 NOTE
r-devel-linux-x86_64-fedora-gcc 0.5.1 59.56 NOTE
r-devel-windows-x86_64 0.5.1 11.00 56.00 67.00 NOTE
r-devel-windows-x86_64-gcc10-UCRT 0.5.1 NOTE
r-patched-linux-x86_64 0.5.1 6.68 41.26 47.94 NOTE
r-patched-solaris-x86 0.5.1 79.60 NOTE
r-release-linux-x86_64 0.5.1 7.49 41.98 49.47 NOTE
r-release-macos-arm64 0.5.1 NOTE
r-release-macos-x86_64 0.5.1 NOTE
r-release-windows-ix86+x86_64 0.5.1 12.00 59.00 71.00 NOTE
r-oldrel-macos-x86_64 0.5.1 OK

Check Details

Version: 0.5.1
Check: LazyData
Result: NOTE
     'LazyData' is specified without a 'data' directory
Flavors: r-devel-linux-x86_64-debian-clang, r-devel-linux-x86_64-debian-gcc, r-devel-linux-x86_64-fedora-clang, r-devel-linux-x86_64-fedora-gcc, r-devel-windows-x86_64, r-devel-windows-x86_64-gcc10-UCRT, r-patched-linux-x86_64, r-patched-solaris-x86, r-release-linux-x86_64, r-release-macos-arm64, r-release-macos-x86_64, r-release-windows-ix86+x86_64