CRAN Package Check Results for Package sperrorest

Last updated on 2021-04-15 09:50:17 CEST.

Flavor Version Tinstall Tcheck Ttotal Status Flags
r-devel-linux-x86_64-debian-clang 3.0.1 6.01 116.70 122.71 OK --no-vignettes
r-devel-linux-x86_64-debian-gcc 3.0.1 5.12 81.99 87.11 OK --no-vignettes
r-devel-linux-x86_64-fedora-clang 3.0.1 1166.65 OK
r-devel-linux-x86_64-fedora-gcc 3.0.1 1107.16 OK
r-devel-windows-ix86+x86_64 3.0.1 12.00 514.00 526.00 OK
r-devel-windows-x86_64-gcc10-UCRT 3.0.1 OK
r-patched-linux-x86_64 3.0.1 6.63 108.04 114.67 OK --no-vignettes
r-patched-solaris-x86 3.0.1 2187.40 WARN
r-release-linux-x86_64 3.0.1 6.19 105.48 111.67 OK --no-vignettes
r-release-macos-x86_64 3.0.1 OK
r-release-windows-ix86+x86_64 3.0.1 11.00 540.00 551.00 OK
r-oldrel-macos-x86_64 3.0.1 OK
r-oldrel-windows-ix86+x86_64 3.0.1 9.00 386.00 395.00 OK

Check Details

Version: 3.0.1
Check: re-building of vignette outputs
Result: WARN
    Error(s) in re-building vignettes:
     ...
    --- re-building ‘custom-pred-and-model-functions.Rmd’ using rmarkdown
    Warning in engine$weave(file, quiet = quiet, encoding = enc) :
     Pandoc (>= 1.12.3) and/or pandoc-citeproc not available. Falling back to R Markdown v1.
    --- finished re-building ‘custom-pred-and-model-functions.Rmd’
    
    Cpu Limit Exceeded - core dumped
    --- re-building ‘spatial-modeling-use-case.Rmd’ using rmarkdown
    Warning in engine$weave(file, quiet = quiet, encoding = enc) :
     Pandoc (>= 1.12.3) and/or pandoc-citeproc not available. Falling back to R Markdown v1.
    SUMMARY: processing the following file failed:
     ‘spatial-modeling-use-case.Rmd’
    
    Error: Vignette re-building failed.
    Execution halted
Flavor: r-patched-solaris-x86