CRAN Package Check Results for Package specmine

Last updated on 2021-04-15 09:50:17 CEST.

Flavor Version Tinstall Tcheck Ttotal Status Flags
r-devel-linux-x86_64-debian-clang 3.1.4 1.20 2.69 3.89 ERROR
r-devel-linux-x86_64-debian-gcc 3.1.4 0.97 2.11 3.08 ERROR
r-devel-linux-x86_64-fedora-gcc 3.1.4 2.80 ERROR
r-devel-windows-ix86+x86_64 3.1.4 168.00 259.00 427.00 NOTE
r-devel-windows-x86_64-gcc10-UCRT 3.1.4 ERROR
r-patched-linux-x86_64 3.1.4 88.41 214.15 302.56 NOTE
r-release-linux-x86_64 3.1.4 88.01 214.21 302.22 NOTE
r-release-macos-x86_64 3.1.4 NOTE
r-release-windows-ix86+x86_64 3.1.4 170.00 327.00 497.00 NOTE
r-oldrel-macos-x86_64 3.1.4 ERROR

Check Details

Version: 3.1.4
Check: package dependencies
Result: ERROR
    Package required but not available: 'specmine.datasets'
    
    Packages suggested but not available for checking:
     'MAIT', 'xcms', 'rcytoscapejs'
    
    See section 'The DESCRIPTION file' in the 'Writing R Extensions'
    manual.
Flavors: r-devel-linux-x86_64-debian-clang, r-devel-linux-x86_64-debian-gcc, r-devel-linux-x86_64-fedora-gcc, r-devel-windows-x86_64-gcc10-UCRT

Version: 3.1.4
Check: package dependencies
Result: NOTE
    Package suggested but not available for checking: 'rcytoscapejs'
Flavors: r-devel-windows-ix86+x86_64, r-patched-linux-x86_64, r-release-linux-x86_64, r-release-windows-ix86+x86_64

Version: 3.1.4
Check: package dependencies
Result: NOTE
    Packages suggested but not available for checking:
     'MAIT', 'KEGGgraph', 'KEGGREST', 'rcytoscapejs'
Flavor: r-release-macos-x86_64

Version: 3.1.4
Check: dependencies in R code
Result: NOTE
    Namespaces in Imports field not imported from:
     ‘e1071’ ‘specmine.datasets’
     All declared Imports should be used.
Flavor: r-release-macos-x86_64

Version: 3.1.4
Check: package dependencies
Result: ERROR
    Package required but not available: ‘specmine.datasets’
    
    Packages suggested but not available for checking: 'MAIT', 'rcytoscapejs'
    
    See section ‘The DESCRIPTION file’ in the ‘Writing R Extensions’
    manual.
Flavor: r-oldrel-macos-x86_64