CRAN Package Check Results for Package spatstat.geom

Last updated on 2021-10-27 08:56:20 CEST.

Flavor Version Tinstall Tcheck Ttotal Status Flags
r-devel-linux-x86_64-debian-clang 2.3-0 62.50 340.87 403.37 OK
r-devel-linux-x86_64-debian-gcc 2.3-0 49.01 254.95 303.96 OK
r-devel-linux-x86_64-fedora-clang 2.3-0 497.89 OK
r-devel-linux-x86_64-fedora-gcc 2.3-0 488.62 OK
r-devel-windows-x86_64 2.3-0 100.00 355.00 455.00 OK
r-devel-windows-x86_64-gcc10-UCRT 2.3-0 OK
r-patched-linux-x86_64 2.3-0 70.21 332.85 403.06 OK
r-patched-solaris-x86 2.3-0 604.70 OK
r-release-linux-x86_64 2.3-0 57.40 329.09 386.49 OK
r-release-macos-arm64 2.3-0 NOTE
r-release-macos-x86_64 2.3-0 OK
r-release-windows-ix86+x86_64 2.3-0 99.00 648.00 747.00 OK
r-oldrel-macos-x86_64 2.3-0 OK
r-oldrel-windows-ix86+x86_64 2.3-0 101.00 481.00 582.00 OK

Check Details

Version: 2.3-0
Check: installed package size
Result: NOTE
     installed size is 5.9Mb
     sub-directories of 1Mb or more:
     R 2.1Mb
     help 2.7Mb
Flavor: r-release-macos-arm64