CRAN Package Check Results for Package spatstat.core

Last updated on 2021-06-16 09:53:39 CEST.

Flavor Version Tinstall Tcheck Ttotal Status Flags
r-devel-linux-x86_64-debian-clang 2.1-2 100.87 819.84 920.71 OK
r-devel-linux-x86_64-debian-gcc 2.1-2 86.42 596.82 683.24 OK
r-devel-linux-x86_64-fedora-clang 2.1-2 823.88 NOTE
r-devel-linux-x86_64-fedora-gcc 2.1-2 743.92 OK
r-devel-windows-x86_64 2.1-2 161.00 351.00 512.00 NOTE --no-examples --no-tests --no-vignettes
r-devel-windows-x86_64-gcc10-UCRT 2.1-2 OK
r-patched-linux-x86_64 2.1-2 126.50 789.51 916.01 OK
r-patched-solaris-x86 2.1-2 1402.90 NOTE
r-release-linux-x86_64 2.1-2 100.92 777.11 878.03 OK
r-release-macos-arm64 2.1-2 NOTE
r-release-macos-x86_64 2.1-2 NOTE
r-release-windows-ix86+x86_64 2.1-2 224.00 274.00 498.00 NOTE --no-examples --no-tests --no-vignettes
r-oldrel-macos-x86_64 2.1-2 NOTE
r-oldrel-windows-ix86+x86_64 2.1-2 213.00 364.00 577.00 NOTE --no-examples --no-tests --no-vignettes

Check Details

Version: 2.1-2
Check: installed package size
Result: NOTE
     installed size is 7.6Mb
     sub-directories of 1Mb or more:
     R 3.2Mb
     help 3.0Mb
     libs 1.1Mb
Flavors: r-devel-linux-x86_64-fedora-clang, r-patched-solaris-x86, r-release-macos-arm64, r-release-macos-x86_64, r-oldrel-macos-x86_64

Version: 2.1-2
Flags: --no-examples --no-tests --no-vignettes
Check: installed package size
Result: NOTE
     installed size is 6.9Mb
     sub-directories of 1Mb or more:
     R 3.1Mb
     help 3.0Mb
Flavors: r-devel-windows-x86_64, r-release-windows-ix86+x86_64, r-oldrel-windows-ix86+x86_64