CRAN Package Check Results for Package spatialwarnings

Last updated on 2021-06-22 09:51:54 CEST.

Flavor Version Tinstall Tcheck Ttotal Status Flags
r-devel-linux-x86_64-debian-clang 3.0.0 133.65 226.14 359.79 OK
r-devel-linux-x86_64-debian-gcc 3.0.0 87.56 173.04 260.60 OK
r-devel-linux-x86_64-fedora-clang 3.0.0 469.98 OK
r-devel-linux-x86_64-fedora-gcc 3.0.0 445.16 OK
r-devel-windows-x86_64 3.0.0 159.00 282.00 441.00 OK
r-devel-windows-x86_64-gcc10-UCRT 3.0.0 NOTE
r-patched-linux-x86_64 3.0.0 109.15 214.01 323.16 OK
r-patched-solaris-x86 3.0.0 693.80 OK
r-release-linux-x86_64 3.0.0 106.60 215.01 321.61 OK
r-release-macos-arm64 3.0.0 OK
r-release-macos-x86_64 3.0.0 OK
r-release-windows-ix86+x86_64 3.0.0 305.00 521.00 826.00 OK
r-oldrel-macos-x86_64 3.0.0 OK

Check Details

Version: 3.0.0
Check: package dependencies
Result: NOTE
    Package suggested but not available for checking: 'covr'
Flavor: r-devel-windows-x86_64-gcc10-UCRT