CRAN Package Check Results for Package spatialEco

Last updated on 2020-02-17 14:48:05 CET.

Flavor Version Tinstall Tcheck Ttotal Status Flags
r-devel-linux-x86_64-debian-clang 1.3-0 0.53 2.36 2.89 ERROR
r-devel-linux-x86_64-debian-gcc 1.3-0 20.49 160.61 181.10 OK
r-devel-linux-x86_64-fedora-clang 1.3-0 277.67 NOTE
r-devel-linux-x86_64-fedora-gcc 1.3-0 277.53 NOTE
r-devel-windows-ix86+x86_64 1.3-0 51.00 356.00 407.00 OK
r-devel-windows-ix86+x86_64-gcc8 1.3-0 71.00 369.00 440.00 OK
r-patched-linux-x86_64 1.3-0 20.48 183.42 203.90 OK
r-patched-solaris-x86 1.3-0 344.70 NOTE
r-release-linux-x86_64 1.3-0 19.36 186.31 205.67 OK
r-release-windows-ix86+x86_64 1.3-0 43.00 332.00 375.00 OK
r-release-osx-x86_64 1.3-0 NOTE
r-oldrel-windows-ix86+x86_64 1.2-1 21.00 129.00 150.00 OK
r-oldrel-osx-x86_64 1.3-0 ERROR

Additional issues

rchk

Check Details

Version: 1.3-0
Check: package dependencies
Result: ERROR
    Package required but not available: 'rms'
    
    See section 'The DESCRIPTION file' in the 'Writing R Extensions'
    manual.
Flavor: r-devel-linux-x86_64-debian-clang

Version: 1.3-0
Check: dependencies in R code
Result: NOTE
    Namespaces in Imports field not imported from:
     ‘dplyr’ ‘fasterize’
     All declared Imports should be used.
Flavors: r-devel-linux-x86_64-fedora-clang, r-devel-linux-x86_64-fedora-gcc, r-patched-solaris-x86, r-release-osx-x86_64

Version: 1.3-0
Check: whether package can be installed
Result: ERROR
    Installation failed.
Flavor: r-oldrel-osx-x86_64