CRAN Package Check Results for Package spatial.tools

Last updated on 2020-03-30 20:48:43 CEST.

Flavor Version Tinstall Tcheck Ttotal Status Flags
r-devel-linux-x86_64-debian-clang 1.6.2 11.32 98.10 109.42 ERROR
r-devel-linux-x86_64-debian-gcc 1.6.2 8.82 76.42 85.24 ERROR
r-devel-linux-x86_64-fedora-clang 1.6.2 150.39 ERROR
r-devel-linux-x86_64-fedora-gcc 1.6.2 128.73 ERROR
r-devel-windows-ix86+x86_64 1.6.2 21.00 107.00 128.00 ERROR
r-devel-windows-ix86+x86_64-gcc8 1.6.2 20.00 107.00 127.00 ERROR
r-patched-linux-x86_64 1.6.2 10.85 93.83 104.68 ERROR
r-patched-solaris-x86 1.6.2 226.80 ERROR
r-release-linux-x86_64 1.6.2 10.13 89.06 99.19 OK
r-release-windows-ix86+x86_64 1.6.2 28.00 140.00 168.00 OK
r-release-osx-x86_64 1.6.2 OK
r-oldrel-windows-ix86+x86_64 1.6.2 19.00 148.00 167.00 OK
r-oldrel-osx-x86_64 1.6.2 OK

Check Details

Version: 1.6.2
Check: examples
Result: ERROR
    Running examples in 'spatial.tools-Ex.R' failed
    The error most likely occurred in:
    
    > base::assign(".ptime", proc.time(), pos = "CheckExEnv")
    > ### Name: tahoe_highrez_training
    > ### Title: Point and polygon files for use with spatial.tools
    > ### Aliases: tahoe_highrez_training
    > ### Keywords: data
    >
    > ### ** Examples
    >
    > library("raster")
    Loading required package: sp
    > library("rgdal")
    rgdal: version: 1.4-8, (SVN revision 845)
     Geospatial Data Abstraction Library extensions to R successfully loaded
     Loaded GDAL runtime: GDAL 3.0.4, released 2020/01/28
     Path to GDAL shared files:
     GDAL binary built with GEOS: TRUE
     Loaded PROJ.4 runtime: Rel. 7.0.0, March 1st, 2020, [PJ_VERSION: 700]
     Path to PROJ.4 shared files: (autodetected)
     Linking to sp version: 1.4-1
    > tahoe_highrez_training_polygons <- readOGR(
    + dsn=system.file("external", package="spatial.tools"),layer="tahoe_highrez_training")
    OGR data source with driver: ESRI Shapefile
    Source: "/home/hornik/tmp/R.check/r-devel-clang/Work/build/Packages/spatial.tools/external", layer: "tahoe_highrez_training"
    with 8 features
    It has 2 fields
    > spplot(tahoe_highrez_training_polygons,zcol="Class")
    Warning in extend.limits(range(as.numeric(z), finite = TRUE)) :
     NAs introduced by coercion
    Warning in min(x) : no non-missing arguments to min; returning Inf
    Warning in max(x) : no non-missing arguments to max; returning -Inf
    Error in seq.default(zrng[1], zrng[2], length.out = cuts + 2) :
     'from' must be a finite number
    Calls: spplot ... <Anonymous> -> levelplot.formula -> seq -> seq.default
    Execution halted
Flavor: r-devel-linux-x86_64-debian-clang

Version: 1.6.2
Check: examples
Result: ERROR
    Running examples in ‘spatial.tools-Ex.R’ failed
    The error most likely occurred in:
    
    > base::assign(".ptime", proc.time(), pos = "CheckExEnv")
    > ### Name: tahoe_highrez_training
    > ### Title: Point and polygon files for use with spatial.tools
    > ### Aliases: tahoe_highrez_training
    > ### Keywords: data
    >
    > ### ** Examples
    >
    > library("raster")
    Loading required package: sp
    > library("rgdal")
    rgdal: version: 1.4-8, (SVN revision 845)
     Geospatial Data Abstraction Library extensions to R successfully loaded
     Loaded GDAL runtime: GDAL 3.0.4, released 2020/01/28
     Path to GDAL shared files:
     GDAL binary built with GEOS: TRUE
     Loaded PROJ.4 runtime: Rel. 7.0.0, March 1st, 2020, [PJ_VERSION: 700]
     Path to PROJ.4 shared files: (autodetected)
     Linking to sp version: 1.4-1
    > tahoe_highrez_training_polygons <- readOGR(
    + dsn=system.file("external", package="spatial.tools"),layer="tahoe_highrez_training")
    OGR data source with driver: ESRI Shapefile
    Source: "/home/hornik/tmp/R.check/r-devel-gcc/Work/build/Packages/spatial.tools/external", layer: "tahoe_highrez_training"
    with 8 features
    It has 2 fields
    > spplot(tahoe_highrez_training_polygons,zcol="Class")
    Warning in extend.limits(range(as.numeric(z), finite = TRUE)) :
     NAs introduced by coercion
    Warning in min(x) : no non-missing arguments to min; returning Inf
    Warning in max(x) : no non-missing arguments to max; returning -Inf
    Error in seq.default(zrng[1], zrng[2], length.out = cuts + 2) :
     'from' must be a finite number
    Calls: spplot ... <Anonymous> -> levelplot.formula -> seq -> seq.default
    Execution halted
Flavor: r-devel-linux-x86_64-debian-gcc

Version: 1.6.2
Check: examples
Result: ERROR
    Running examples in ‘spatial.tools-Ex.R’ failed
    The error most likely occurred in:
    
    > ### Name: tahoe_highrez_training
    > ### Title: Point and polygon files for use with spatial.tools
    > ### Aliases: tahoe_highrez_training
    > ### Keywords: data
    >
    > ### ** Examples
    >
    > library("raster")
    Loading required package: sp
    > library("rgdal")
    rgdal: version: 1.4-8, (SVN revision 845)
     Geospatial Data Abstraction Library extensions to R successfully loaded
     Loaded GDAL runtime: GDAL 2.3.2, released 2018/09/21
     Path to GDAL shared files: /usr/share/gdal
     GDAL binary built with GEOS: TRUE
     Loaded PROJ.4 runtime: Rel. 5.2.0, September 15th, 2018, [PJ_VERSION: 520]
     Path to PROJ.4 shared files: (autodetected)
     Linking to sp version: 1.4-1
    > tahoe_highrez_training_polygons <- readOGR(
    + dsn=system.file("external", package="spatial.tools"),layer="tahoe_highrez_training")
    OGR data source with driver: ESRI Shapefile
    Source: "/data/gannet/ripley/R/packages/tests-clang/spatial.tools.Rcheck/spatial.tools/external", layer: "tahoe_highrez_training"
    with 8 features
    It has 2 fields
    > spplot(tahoe_highrez_training_polygons,zcol="Class")
    Warning in extend.limits(range(as.numeric(z), finite = TRUE)) :
     NAs introduced by coercion
    Warning in min(x) : no non-missing arguments to min; returning Inf
    Warning in max(x) : no non-missing arguments to max; returning -Inf
    Error in seq.default(zrng[1], zrng[2], length.out = cuts + 2) :
     'from' must be a finite number
    Calls: spplot ... <Anonymous> -> levelplot.formula -> seq -> seq.default
    Execution halted
Flavor: r-devel-linux-x86_64-fedora-clang

Version: 1.6.2
Check: examples
Result: ERROR
    Running examples in ‘spatial.tools-Ex.R’ failed
    The error most likely occurred in:
    
    > ### Name: tahoe_highrez_training
    > ### Title: Point and polygon files for use with spatial.tools
    > ### Aliases: tahoe_highrez_training
    > ### Keywords: data
    >
    > ### ** Examples
    >
    > library("raster")
    Loading required package: sp
    > library("rgdal")
    rgdal: version: 1.4-8, (SVN revision 845)
     Geospatial Data Abstraction Library extensions to R successfully loaded
     Loaded GDAL runtime: GDAL 2.3.2, released 2018/09/21
     Path to GDAL shared files: /usr/share/gdal
     GDAL binary built with GEOS: TRUE
     Loaded PROJ.4 runtime: Rel. 5.2.0, September 15th, 2018, [PJ_VERSION: 520]
     Path to PROJ.4 shared files: (autodetected)
     Linking to sp version: 1.4-1
    > tahoe_highrez_training_polygons <- readOGR(
    + dsn=system.file("external", package="spatial.tools"),layer="tahoe_highrez_training")
    OGR data source with driver: ESRI Shapefile
    Source: "/data/gannet/ripley/R/packages/tests-devel/spatial.tools.Rcheck/spatial.tools/external", layer: "tahoe_highrez_training"
    with 8 features
    It has 2 fields
    > spplot(tahoe_highrez_training_polygons,zcol="Class")
    Warning in extend.limits(range(as.numeric(z), finite = TRUE)) :
     NAs introduced by coercion
    Warning in min(x) : no non-missing arguments to min; returning Inf
    Warning in max(x) : no non-missing arguments to max; returning -Inf
    Error in seq.default(zrng[1], zrng[2], length.out = cuts + 2) :
     'from' must be a finite number
    Calls: spplot ... <Anonymous> -> levelplot.formula -> seq -> seq.default
    Execution halted
Flavor: r-devel-linux-x86_64-fedora-gcc

Version: 1.6.2
Check: examples
Result: ERROR
    Running examples in 'spatial.tools-Ex.R' failed
    The error most likely occurred in:
    
    > ### Name: tahoe_highrez_training
    > ### Title: Point and polygon files for use with spatial.tools
    > ### Aliases: tahoe_highrez_training
    > ### Keywords: data
    >
    > ### ** Examples
    >
    > library("raster")
    Loading required package: sp
    > library("rgdal")
    rgdal: version: 1.4-8, (SVN revision 845)
     Geospatial Data Abstraction Library extensions to R successfully loaded
     Loaded GDAL runtime: GDAL 2.2.3, released 2017/11/20
     Path to GDAL shared files: D:/RCompile/CRANpkg/lib/4.0/rgdal/gdal
     GDAL binary built with GEOS: TRUE
     Loaded PROJ.4 runtime: Rel. 4.9.3, 15 August 2016, [PJ_VERSION: 493]
     Path to PROJ.4 shared files: D:/RCompile/CRANpkg/lib/4.0/rgdal/proj
     Linking to sp version: 1.4-1
    > tahoe_highrez_training_polygons <- readOGR(
    + dsn=system.file("external", package="spatial.tools"),layer="tahoe_highrez_training")
    OGR data source with driver: ESRI Shapefile
    Source: "D:\RCompile\CRANpkg\lib\4.0\spatial.tools\external", layer: "tahoe_highrez_training"
    with 8 features
    It has 2 fields
    > spplot(tahoe_highrez_training_polygons,zcol="Class")
    Warning in extend.limits(range(as.numeric(z), finite = TRUE)) :
     NAs introduced by coercion
    Warning in min(x) : no non-missing arguments to min; returning Inf
    Warning in max(x) : no non-missing arguments to max; returning -Inf
    Error in seq.default(zrng[1], zrng[2], length.out = cuts + 2) :
     'from' must be a finite number
    Calls: spplot ... <Anonymous> -> levelplot.formula -> seq -> seq.default
    Execution halted
Flavor: r-devel-windows-ix86+x86_64

Version: 1.6.2
Check: examples
Result: ERROR
    Running examples in 'spatial.tools-Ex.R' failed
    The error most likely occurred in:
    
    > ### Name: tahoe_highrez_training
    > ### Title: Point and polygon files for use with spatial.tools
    > ### Aliases: tahoe_highrez_training
    > ### Keywords: data
    >
    > ### ** Examples
    >
    > library("raster")
    Loading required package: sp
    > library("rgdal")
    rgdal: version: 1.4-8, (SVN revision 845)
     Geospatial Data Abstraction Library extensions to R successfully loaded
     Loaded GDAL runtime: GDAL 2.2.3, released 2017/11/20
     Path to GDAL shared files: D:/temp/RtmpWMpdhr/RLIBS_91187b14164e/rgdal/gdal
     GDAL binary built with GEOS: TRUE
     Loaded PROJ.4 runtime: Rel. 4.9.3, 15 August 2016, [PJ_VERSION: 493]
     Path to PROJ.4 shared files: D:/temp/RtmpWMpdhr/RLIBS_91187b14164e/rgdal/proj
     Linking to sp version: 1.4-1
    > tahoe_highrez_training_polygons <- readOGR(
    + dsn=system.file("external", package="spatial.tools"),layer="tahoe_highrez_training")
    OGR data source with driver: ESRI Shapefile
    Source: "D:\temp\RtmpWMpdhr\RLIBS_91187b14164e\spatial.tools\external", layer: "tahoe_highrez_training"
    with 8 features
    It has 2 fields
    > spplot(tahoe_highrez_training_polygons,zcol="Class")
    Warning in extend.limits(range(as.numeric(z), finite = TRUE)) :
     NAs introduced by coercion
    Warning in min(x) : no non-missing arguments to min; returning Inf
    Warning in max(x) : no non-missing arguments to max; returning -Inf
    Error in seq.default(zrng[1], zrng[2], length.out = cuts + 2) :
     'from' must be a finite number
    Calls: spplot ... <Anonymous> -> levelplot.formula -> seq -> seq.default
    Execution halted
Flavor: r-devel-windows-ix86+x86_64-gcc8

Version: 1.6.2
Check: examples
Result: ERROR
    Running examples in ‘spatial.tools-Ex.R’ failed
    The error most likely occurred in:
    
    > base::assign(".ptime", proc.time(), pos = "CheckExEnv")
    > ### Name: tahoe_highrez_training
    > ### Title: Point and polygon files for use with spatial.tools
    > ### Aliases: tahoe_highrez_training
    > ### Keywords: data
    >
    > ### ** Examples
    >
    > library("raster")
    Loading required package: sp
    > library("rgdal")
    rgdal: version: 1.4-8, (SVN revision 845)
     Geospatial Data Abstraction Library extensions to R successfully loaded
     Loaded GDAL runtime: GDAL 3.0.4, released 2020/01/28
     Path to GDAL shared files:
     GDAL binary built with GEOS: TRUE
     Loaded PROJ.4 runtime: Rel. 7.0.0, March 1st, 2020, [PJ_VERSION: 700]
     Path to PROJ.4 shared files: (autodetected)
     Linking to sp version: 1.4-1
    > tahoe_highrez_training_polygons <- readOGR(
    + dsn=system.file("external", package="spatial.tools"),layer="tahoe_highrez_training")
    OGR data source with driver: ESRI Shapefile
    Source: "/home/hornik/tmp/R.check/r-patched-gcc/Work/build/Packages/spatial.tools/external", layer: "tahoe_highrez_training"
    with 8 features
    It has 2 fields
    > spplot(tahoe_highrez_training_polygons,zcol="Class")
    Warning in extend.limits(range(as.numeric(z), finite = TRUE)) :
     NAs introduced by coercion
    Warning in min(x) : no non-missing arguments to min; returning Inf
    Warning in max(x) : no non-missing arguments to max; returning -Inf
    Error in seq.default(zrng[1], zrng[2], length.out = cuts + 2) :
     'from' must be a finite number
    Calls: spplot ... <Anonymous> -> levelplot.formula -> seq -> seq.default
    Execution halted
Flavor: r-patched-linux-x86_64

Version: 1.6.2
Check: examples
Result: ERROR
    Running examples in ‘spatial.tools-Ex.R’ failed
    The error most likely occurred in:
    
    > ### Name: tahoe_highrez_training
    > ### Title: Point and polygon files for use with spatial.tools
    > ### Aliases: tahoe_highrez_training
    > ### Keywords: data
    >
    > ### ** Examples
    >
    > library("raster")
    Loading required package: sp
    > library("rgdal")
    rgdal: version: 1.4-8, (SVN revision 845)
     Geospatial Data Abstraction Library extensions to R successfully loaded
     Loaded GDAL runtime: GDAL 2.2.4, released 2018/03/19
     Path to GDAL shared files: /usr/local/share/gdal
     GDAL binary built with GEOS: TRUE
     Loaded PROJ.4 runtime: Rel. 5.2.0, September 15th, 2018, [PJ_VERSION: 520]
     Path to PROJ.4 shared files: (autodetected)
     Linking to sp version: 1.4-1
    > tahoe_highrez_training_polygons <- readOGR(
    + dsn=system.file("external", package="spatial.tools"),layer="tahoe_highrez_training")
    OGR data source with driver: ESRI Shapefile
    Source: "/home/ripley/R/Lib32-dev/spatial.tools/external", layer: "tahoe_highrez_training"
    with 8 features
    It has 2 fields
    > spplot(tahoe_highrez_training_polygons,zcol="Class")
    Warning in extend.limits(range(as.numeric(z), finite = TRUE)) :
     NAs introduced by coercion
    Warning in min(x) : no non-missing arguments to min; returning Inf
    Warning in max(x) : no non-missing arguments to max; returning -Inf
    Error in seq.default(zrng[1], zrng[2], length.out = cuts + 2) :
     'from' must be a finite number
    Calls: spplot ... <Anonymous> -> levelplot.formula -> seq -> seq.default
    Execution halted
Flavor: r-patched-solaris-x86