CRAN Package Check Results for Package spatgraphs

Last updated on 2021-06-22 09:51:54 CEST.

Flavor Version Tinstall Tcheck Ttotal Status Flags
r-devel-linux-x86_64-debian-clang 3.2-2 75.48 70.16 145.64 NOTE
r-devel-linux-x86_64-debian-gcc 3.2-2 47.45 54.63 102.08 NOTE
r-devel-linux-x86_64-fedora-clang 3.2-2 203.06 NOTE
r-devel-linux-x86_64-fedora-gcc 3.2-2 190.06 NOTE
r-devel-windows-x86_64 3.2-2 84.00 96.00 180.00 NOTE
r-devel-windows-x86_64-gcc10-UCRT 3.2-2 NOTE
r-patched-linux-x86_64 3.2-2 58.35 68.23 126.58 NOTE
r-patched-solaris-x86 3.2-2 205.00 NOTE
r-release-linux-x86_64 3.2-2 58.13 69.31 127.44 NOTE
r-release-macos-arm64 3.2-2 NOTE
r-release-macos-x86_64 3.2-2 NOTE
r-release-windows-ix86+x86_64 3.2-2 162.00 109.00 271.00 NOTE
r-oldrel-macos-x86_64 3.2-2 OK

Check Details

Version: 3.2-2
Check: LazyData
Result: NOTE
     'LazyData' is specified without a 'data' directory
Flavors: r-devel-linux-x86_64-debian-clang, r-devel-linux-x86_64-debian-gcc, r-devel-linux-x86_64-fedora-clang, r-devel-linux-x86_64-fedora-gcc, r-devel-windows-x86_64, r-devel-windows-x86_64-gcc10-UCRT, r-patched-linux-x86_64, r-patched-solaris-x86, r-release-linux-x86_64, r-release-macos-arm64, r-release-macos-x86_64, r-release-windows-ix86+x86_64