CRAN Package Check Results for Package spass

Last updated on 2021-04-15 09:50:16 CEST.

Flavor Version Tinstall Tcheck Ttotal Status Flags
r-devel-linux-x86_64-debian-clang 1.3 34.10 112.43 146.53 NOTE
r-devel-linux-x86_64-debian-gcc 1.3 24.10 84.28 108.38 NOTE
r-devel-linux-x86_64-fedora-clang 1.3 182.21 NOTE
r-devel-linux-x86_64-fedora-gcc 1.3 170.23 NOTE
r-devel-windows-ix86+x86_64 1.3 79.00 151.00 230.00 NOTE
r-devel-windows-x86_64-gcc10-UCRT 1.3 NOTE
r-patched-linux-x86_64 1.3 27.58 103.61 131.19 OK
r-patched-solaris-x86 1.3 228.30 OK
r-release-linux-x86_64 1.3 31.33 103.24 134.57 OK
r-release-macos-x86_64 1.3 OK
r-release-windows-ix86+x86_64 1.3 66.00 201.00 267.00 OK
r-oldrel-macos-x86_64 1.3 OK
r-oldrel-windows-ix86+x86_64 1.3 71.00 132.00 203.00 OK

Check Details

Version: 1.3
Check: LazyData
Result: NOTE
     'LazyData' is specified without a 'data' directory
Flavors: r-devel-linux-x86_64-debian-clang, r-devel-linux-x86_64-debian-gcc, r-devel-linux-x86_64-fedora-clang, r-devel-linux-x86_64-fedora-gcc, r-devel-windows-ix86+x86_64, r-devel-windows-x86_64-gcc10-UCRT